{"id":43816,"date":"2025-01-23T11:39:27","date_gmt":"2025-01-23T10:39:27","guid":{"rendered":"https:\/\/www.stem.it\/?post_type=tribe_events&#038;p=43816"},"modified":"2025-01-23T11:39:49","modified_gmt":"2025-01-23T10:39:49","slug":"rettmobil-2025","status":"publish","type":"tribe_events","link":"https:\/\/www.stem.it\/fr\/event\/rettmobil-2025\/","title":{"rendered":"RETTmobil 2025"},"content":{"rendered":"<p>RETTmobil est le salon europ\u00e9en d\u00e9di\u00e9 aux secours et \u00e0 la mobilit\u00e9. C&rsquo;est le rendez-vous incontournable pour tous les secouristes et une vitrine pour les soci\u00e9t\u00e9s leader dans le domaine de la s\u00e9curit\u00e9. Le caract\u00e8re international de cet \u00e9v\u00e8nement est t\u00e9moign\u00e9 par ses 545 exposants. Fulda se confirme de nouveau la r\u00e9f\u00e9rence pour les industriels du secours et de la s\u00e9curit\u00e9.<\/p>\n","protected":false},"excerpt":{"rendered":"<p>RETTmobil est le salon europ\u00e9en d\u00e9di\u00e9 aux secours et \u00e0 la mobilit\u00e9. C&rsquo;est le rendez-vous incontournable pour tous les secouristes et une vitrine pour les soci\u00e9t\u00e9s leader dans le domaine [&hellip;]<\/p>\n","protected":false},"author":4,"featured_media":43806,"template":"","meta":{"_tribe_events_status":"","_tribe_events_status_reason":"","footnotes":""},"tags":[],"tribe_events_cat":[],"class_list":["post-43816","tribe_events","type-tribe_events","status-publish","has-post-thumbnail","hentry"],"yoast_head":"<!-- This site is optimized with the Yoast SEO plugin v27.4 - https:\/\/yoast.com\/product\/yoast-seo-wordpress\/ -->\n<title>RETTmobil 2025 - Stem Ems<\/title>\n<meta name=\"description\" content=\"RETTmobil est le salon europ\u00e9en d\u00e9di\u00e9 aux secours et \u00e0 la mobilit\u00e9.\" \/>\n<meta name=\"robots\" content=\"index, follow, max-snippet:-1, max-image-preview:large, max-video-preview:-1\" \/>\n<link rel=\"canonical\" href=\"https:\/\/www.stem.it\/fr\/event\/rettmobil-2025\/\" \/>\n<meta property=\"og:locale\" content=\"fr_FR\" \/>\n<meta property=\"og:type\" content=\"article\" \/>\n<meta property=\"og:title\" content=\"RETTmobil 2025 - Stem Ems\" \/>\n<meta property=\"og:description\" content=\"RETTmobil est le salon europ\u00e9en d\u00e9di\u00e9 aux secours et \u00e0 la mobilit\u00e9.\" \/>\n<meta property=\"og:url\" content=\"https:\/\/www.stem.it\/fr\/event\/rettmobil-2025\/\" \/>\n<meta property=\"og:site_name\" content=\"Stem Ems\" \/>\n<meta property=\"article:publisher\" content=\"https:\/\/www.facebook.com\/stememsemergencymedicalsystems\/\" \/>\n<meta property=\"article:modified_time\" content=\"2025-01-23T10:39:49+00:00\" \/>\n<meta property=\"og:image\" content=\"https:\/\/www.stem.it\/wp-content\/uploads\/2024\/12\/RETTmobil-2025-845x321-1.jpg\" \/>\n\t<meta property=\"og:image:width\" content=\"845\" \/>\n\t<meta property=\"og:image:height\" content=\"321\" \/>\n\t<meta property=\"og:image:type\" content=\"image\/jpeg\" \/>\n<meta name=\"twitter:card\" content=\"summary_large_image\" \/>\n<script type=\"application\/ld+json\" class=\"yoast-schema-graph\">{\"@context\":\"https:\\\/\\\/schema.org\",\"@graph\":[{\"@type\":\"WebPage\",\"@id\":\"https:\\\/\\\/www.stem.it\\\/fr\\\/event\\\/rettmobil-2025\\\/\",\"url\":\"https:\\\/\\\/www.stem.it\\\/fr\\\/event\\\/rettmobil-2025\\\/\",\"name\":\"RETTmobil 2025 - Stem Ems\",\"isPartOf\":{\"@id\":\"https:\\\/\\\/www.stem.it\\\/fr\\\/#website\"},\"primaryImageOfPage\":{\"@id\":\"https:\\\/\\\/www.stem.it\\\/fr\\\/event\\\/rettmobil-2025\\\/#primaryimage\"},\"image\":{\"@id\":\"https:\\\/\\\/www.stem.it\\\/fr\\\/event\\\/rettmobil-2025\\\/#primaryimage\"},\"thumbnailUrl\":\"https:\\\/\\\/www.stem.it\\\/wp-content\\\/uploads\\\/2024\\\/12\\\/RETTmobil-2025-845x321-1.jpg\",\"datePublished\":\"2025-01-23T10:39:27+00:00\",\"dateModified\":\"2025-01-23T10:39:49+00:00\",\"description\":\"RETTmobil est le salon europ\u00e9en d\u00e9di\u00e9 aux secours et \u00e0 la mobilit\u00e9.\",\"breadcrumb\":{\"@id\":\"https:\\\/\\\/www.stem.it\\\/fr\\\/event\\\/rettmobil-2025\\\/#breadcrumb\"},\"inLanguage\":\"fr-FR\",\"potentialAction\":[{\"@type\":\"ReadAction\",\"target\":[\"https:\\\/\\\/www.stem.it\\\/fr\\\/event\\\/rettmobil-2025\\\/\"]}]},{\"@type\":\"ImageObject\",\"inLanguage\":\"fr-FR\",\"@id\":\"https:\\\/\\\/www.stem.it\\\/fr\\\/event\\\/rettmobil-2025\\\/#primaryimage\",\"url\":\"https:\\\/\\\/www.stem.it\\\/wp-content\\\/uploads\\\/2024\\\/12\\\/RETTmobil-2025-845x321-1.jpg\",\"contentUrl\":\"https:\\\/\\\/www.stem.it\\\/wp-content\\\/uploads\\\/2024\\\/12\\\/RETTmobil-2025-845x321-1.jpg\",\"width\":845,\"height\":321},{\"@type\":\"BreadcrumbList\",\"@id\":\"https:\\\/\\\/www.stem.it\\\/fr\\\/event\\\/rettmobil-2025\\\/#breadcrumb\",\"itemListElement\":[{\"@type\":\"ListItem\",\"position\":1,\"name\":\"Home\",\"item\":\"https:\\\/\\\/www.stem.it\\\/fr\\\/\"},{\"@type\":\"ListItem\",\"position\":2,\"name\":\"\u00c9v\u00e8nements\",\"item\":\"https:\\\/\\\/www.stem.it\\\/fr\\\/events\\\/\"},{\"@type\":\"ListItem\",\"position\":3,\"name\":\"RETTmobil 2025\"}]},{\"@type\":\"WebSite\",\"@id\":\"https:\\\/\\\/www.stem.it\\\/fr\\\/#website\",\"url\":\"https:\\\/\\\/www.stem.it\\\/fr\\\/\",\"name\":\"Stem Ems\",\"description\":\"Prodotti di alta qualit\u00e0 per lavoro ed emergenza\",\"potentialAction\":[{\"@type\":\"SearchAction\",\"target\":{\"@type\":\"EntryPoint\",\"urlTemplate\":\"https:\\\/\\\/www.stem.it\\\/fr\\\/?s={search_term_string}\"},\"query-input\":{\"@type\":\"PropertyValueSpecification\",\"valueRequired\":true,\"valueName\":\"search_term_string\"}}],\"inLanguage\":\"fr-FR\"}]}<\/script>\n<!-- \/ Yoast SEO plugin. -->","yoast_head_json":{"title":"RETTmobil 2025 - Stem Ems","description":"RETTmobil est le salon europ\u00e9en d\u00e9di\u00e9 aux secours et \u00e0 la mobilit\u00e9.","robots":{"index":"index","follow":"follow","max-snippet":"max-snippet:-1","max-image-preview":"max-image-preview:large","max-video-preview":"max-video-preview:-1"},"canonical":"https:\/\/www.stem.it\/fr\/event\/rettmobil-2025\/","og_locale":"fr_FR","og_type":"article","og_title":"RETTmobil 2025 - Stem Ems","og_description":"RETTmobil est le salon europ\u00e9en d\u00e9di\u00e9 aux secours et \u00e0 la mobilit\u00e9.","og_url":"https:\/\/www.stem.it\/fr\/event\/rettmobil-2025\/","og_site_name":"Stem Ems","article_publisher":"https:\/\/www.facebook.com\/stememsemergencymedicalsystems\/","article_modified_time":"2025-01-23T10:39:49+00:00","og_image":[{"width":845,"height":321,"url":"https:\/\/www.stem.it\/wp-content\/uploads\/2024\/12\/RETTmobil-2025-845x321-1.jpg","type":"image\/jpeg"}],"twitter_card":"summary_large_image","schema":{"@context":"https:\/\/schema.org","@graph":[{"@type":"WebPage","@id":"https:\/\/www.stem.it\/fr\/event\/rettmobil-2025\/","url":"https:\/\/www.stem.it\/fr\/event\/rettmobil-2025\/","name":"RETTmobil 2025 - Stem Ems","isPartOf":{"@id":"https:\/\/www.stem.it\/fr\/#website"},"primaryImageOfPage":{"@id":"https:\/\/www.stem.it\/fr\/event\/rettmobil-2025\/#primaryimage"},"image":{"@id":"https:\/\/www.stem.it\/fr\/event\/rettmobil-2025\/#primaryimage"},"thumbnailUrl":"https:\/\/www.stem.it\/wp-content\/uploads\/2024\/12\/RETTmobil-2025-845x321-1.jpg","datePublished":"2025-01-23T10:39:27+00:00","dateModified":"2025-01-23T10:39:49+00:00","description":"RETTmobil est le salon europ\u00e9en d\u00e9di\u00e9 aux secours et \u00e0 la mobilit\u00e9.","breadcrumb":{"@id":"https:\/\/www.stem.it\/fr\/event\/rettmobil-2025\/#breadcrumb"},"inLanguage":"fr-FR","potentialAction":[{"@type":"ReadAction","target":["https:\/\/www.stem.it\/fr\/event\/rettmobil-2025\/"]}]},{"@type":"ImageObject","inLanguage":"fr-FR","@id":"https:\/\/www.stem.it\/fr\/event\/rettmobil-2025\/#primaryimage","url":"https:\/\/www.stem.it\/wp-content\/uploads\/2024\/12\/RETTmobil-2025-845x321-1.jpg","contentUrl":"https:\/\/www.stem.it\/wp-content\/uploads\/2024\/12\/RETTmobil-2025-845x321-1.jpg","width":845,"height":321},{"@type":"BreadcrumbList","@id":"https:\/\/www.stem.it\/fr\/event\/rettmobil-2025\/#breadcrumb","itemListElement":[{"@type":"ListItem","position":1,"name":"Home","item":"https:\/\/www.stem.it\/fr\/"},{"@type":"ListItem","position":2,"name":"\u00c9v\u00e8nements","item":"https:\/\/www.stem.it\/fr\/events\/"},{"@type":"ListItem","position":3,"name":"RETTmobil 2025"}]},{"@type":"WebSite","@id":"https:\/\/www.stem.it\/fr\/#website","url":"https:\/\/www.stem.it\/fr\/","name":"Stem Ems","description":"Prodotti di alta qualit\u00e0 per lavoro ed emergenza","potentialAction":[{"@type":"SearchAction","target":{"@type":"EntryPoint","urlTemplate":"https:\/\/www.stem.it\/fr\/?s={search_term_string}"},"query-input":{"@type":"PropertyValueSpecification","valueRequired":true,"valueName":"search_term_string"}}],"inLanguage":"fr-FR"}]}},"_links":{"self":[{"href":"https:\/\/www.stem.it\/fr\/wp-json\/wp\/v2\/tribe_events\/43816","targetHints":{"allow":["GET"]}}],"collection":[{"href":"https:\/\/www.stem.it\/fr\/wp-json\/wp\/v2\/tribe_events"}],"about":[{"href":"https:\/\/www.stem.it\/fr\/wp-json\/wp\/v2\/types\/tribe_events"}],"author":[{"embeddable":true,"href":"https:\/\/www.stem.it\/fr\/wp-json\/wp\/v2\/users\/4"}],"version-history":[{"count":2,"href":"https:\/\/www.stem.it\/fr\/wp-json\/wp\/v2\/tribe_events\/43816\/revisions"}],"predecessor-version":[{"id":44238,"href":"https:\/\/www.stem.it\/fr\/wp-json\/wp\/v2\/tribe_events\/43816\/revisions\/44238"}],"wp:featuredmedia":[{"embeddable":true,"href":"https:\/\/www.stem.it\/fr\/wp-json\/wp\/v2\/media\/43806"}],"wp:attachment":[{"href":"https:\/\/www.stem.it\/fr\/wp-json\/wp\/v2\/media?parent=43816"}],"wp:term":[{"taxonomy":"post_tag","embeddable":true,"href":"https:\/\/www.stem.it\/fr\/wp-json\/wp\/v2\/tags?post=43816"},{"taxonomy":"tribe_events_cat","embeddable":true,"href":"https:\/\/www.stem.it\/fr\/wp-json\/wp\/v2\/tribe_events_cat?post=43816"}],"curies":[{"name":"wp","href":"https:\/\/api.w.org\/{rel}","templated":true}]}}

<p>RETTmobil est le salon européen dédié aux secours et à la mobilité. C&rsquo;est le rendez-vous incontournable pour tous les secouristes et une vitrine pour les sociétés leader dans le domaine de la sécurité. Le caractère international de cet évènement est témoigné par ses 545 exposants. Fulda se confirme de nouveau la référence pour les industriels du secours et de la sécurité.</p>

<p>RETTmobil est le salon européen dédié aux secours et à la mobilité. C&rsquo;est le rendez-vous incontournable pour tous les secouristes et une vitrine pour les sociétés leader dans le domaine [&hellip;]</p>

<!-- This site is optimized with the Yoast SEO plugin v27.4 - https://yoast.com/product/yoast-seo-wordpress/ -->
<title>RETTmobil 2025 - Stem Ems</title>
<meta name="description" content="RETTmobil est le salon européen dédié aux secours et à la mobilité." />
<meta name="robots" content="index, follow, max-snippet:-1, max-image-preview:large, max-video-preview:-1" />
<link rel="canonical" href="https://www.stem.it/fr/event/rettmobil-2025/" />
<meta property="og:locale" content="fr_FR" />
<meta property="og:type" content="article" />
<meta property="og:title" content="RETTmobil 2025 - Stem Ems" />
<meta property="og:description" content="RETTmobil est le salon européen dédié aux secours et à la mobilité." />
<meta property="og:url" content="https://www.stem.it/fr/event/rettmobil-2025/" />
<meta property="og:site_name" content="Stem Ems" />
<meta property="article:publisher" content="https://www.facebook.com/stememsemergencymedicalsystems/" />
<meta property="article:modified_time" content="2025-01-23T10:39:49+00:00" />
<meta property="og:image" content="https://www.stem.it/wp-content/uploads/2024/12/RETTmobil-2025-845x321-1.jpg" />
	<meta property="og:image:width" content="845" />
	<meta property="og:image:height" content="321" />
	<meta property="og:image:type" content="image/jpeg" />
<meta name="twitter:card" content="summary_large_image" />
<script type="application/ld+json" class="yoast-schema-graph">{"@context":"https:\/\/schema.org","@graph":[{"@type":"WebPage","@id":"https:\/\/www.stem.it\/fr\/event\/rettmobil-2025\/","url":"https:\/\/www.stem.it\/fr\/event\/rettmobil-2025\/","name":"RETTmobil 2025 - Stem Ems","isPartOf":{"@id":"https:\/\/www.stem.it\/fr\/#website"},"primaryImageOfPage":{"@id":"https:\/\/www.stem.it\/fr\/event\/rettmobil-2025\/#primaryimage"},"image":{"@id":"https:\/\/www.stem.it\/fr\/event\/rettmobil-2025\/#primaryimage"},"thumbnailUrl":"https:\/\/www.stem.it\/wp-content\/uploads\/2024\/12\/RETTmobil-2025-845x321-1.jpg","datePublished":"2025-01-23T10:39:27+00:00","dateModified":"2025-01-23T10:39:49+00:00","description":"RETTmobil est le salon européen dédié aux secours et à la mobilité.","breadcrumb":{"@id":"https:\/\/www.stem.it\/fr\/event\/rettmobil-2025\/#breadcrumb"},"inLanguage":"fr-FR","potentialAction":[{"@type":"ReadAction","target":["https:\/\/www.stem.it\/fr\/event\/rettmobil-2025\/"]}]},{"@type":"ImageObject","inLanguage":"fr-FR","@id":"https:\/\/www.stem.it\/fr\/event\/rettmobil-2025\/#primaryimage","url":"https:\/\/www.stem.it\/wp-content\/uploads\/2024\/12\/RETTmobil-2025-845x321-1.jpg","contentUrl":"https:\/\/www.stem.it\/wp-content\/uploads\/2024\/12\/RETTmobil-2025-845x321-1.jpg","width":845,"height":321},{"@type":"BreadcrumbList","@id":"https:\/\/www.stem.it\/fr\/event\/rettmobil-2025\/#breadcrumb","itemListElement":[{"@type":"ListItem","position":1,"name":"Home","item":"https:\/\/www.stem.it\/fr\/"},{"@type":"ListItem","position":2,"name":"Évènements","item":"https:\/\/www.stem.it\/fr\/events\/"},{"@type":"ListItem","position":3,"name":"RETTmobil 2025"}]},{"@type":"WebSite","@id":"https:\/\/www.stem.it\/fr\/#website","url":"https:\/\/www.stem.it\/fr\/","name":"Stem Ems","description":"Prodotti di alta qualità per lavoro ed emergenza","potentialAction":[{"@type":"SearchAction","target":{"@type":"EntryPoint","urlTemplate":"https:\/\/www.stem.it\/fr\/?s={search_term_string}"},"query-input":{"@type":"PropertyValueSpecification","valueRequired":true,"valueName":"search_term_string"}}],"inLanguage":"fr-FR"}]}</script>
<!-- / Yoast SEO plugin. -->

RETTmobil est le salon européen dédié aux secours et à la mobilité.

Évènements

Prodotti di alta qualità per lavoro ed emergenza
