{"id":39128,"date":"2026-02-26T12:30:46","date_gmt":"2026-02-26T11:30:46","guid":{"rendered":"https:\/\/www.stem.it\/?post_type=tribe_events&#038;p=39128"},"modified":"2026-02-26T12:05:11","modified_gmt":"2026-02-26T11:05:11","slug":"cnsa-fnsm-2026","status":"publish","type":"tribe_events","link":"https:\/\/www.stem.it\/fr\/event\/cnsa-fnsm-2026\/","title":{"rendered":"CNSA-FNSM 2026"},"content":{"rendered":"<p>La Chambre Nationale des Services d\u2019Ambulance (CNSA) et la F\u00e9d\u00e9ration Nationale de la Mobilit\u00e9 Sanitaire (FNMS) organisent, du 24 au 25 septembre 2026, la septi\u00e8me \u00e9dition du Congr\u00e8s National de l\u2019Ambulance et de la Mobilit\u00e9 Sanitaire.<\/p>\n","protected":false},"excerpt":{"rendered":"<p>La Chambre Nationale des Services d\u2019Ambulance (CNSA) et la F\u00e9d\u00e9ration Nationale de la Mobilit\u00e9 Sanitaire (FNMS) organisent, du 24 au 25 septembre 2026, la septi\u00e8me \u00e9dition du Congr\u00e8s National de [&hellip;]<\/p>\n","protected":false},"author":4,"featured_media":51909,"template":"","meta":{"_tribe_events_status":"","_tribe_events_status_reason":"","footnotes":""},"tags":[],"tribe_events_cat":[],"class_list":["post-39128","tribe_events","type-tribe_events","status-publish","has-post-thumbnail","hentry"],"yoast_head":"<!-- This site is optimized with the Yoast SEO plugin v27.4 - https:\/\/yoast.com\/product\/yoast-seo-wordpress\/ -->\n<title>CNSA-FNSM 2026 - Stem Ems<\/title>\n<meta name=\"description\" content=\"Du 24 au 25 septembre 2026, la septi\u00e8me \u00e9dition du Congr\u00e8s National de l\u2019Ambulance et de la Mobilit\u00e9 Sanitaire.\" \/>\n<meta name=\"robots\" content=\"index, follow, max-snippet:-1, max-image-preview:large, max-video-preview:-1\" \/>\n<link rel=\"canonical\" href=\"https:\/\/www.stem.it\/fr\/event\/cnsa-fnsm-2026\/\" \/>\n<meta property=\"og:locale\" content=\"fr_FR\" \/>\n<meta property=\"og:type\" content=\"article\" \/>\n<meta property=\"og:title\" content=\"CNSA-FNSM 2026 - Stem Ems\" \/>\n<meta property=\"og:description\" content=\"Du 24 au 25 septembre 2026, la septi\u00e8me \u00e9dition du Congr\u00e8s National de l\u2019Ambulance et de la Mobilit\u00e9 Sanitaire.\" \/>\n<meta property=\"og:url\" content=\"https:\/\/www.stem.it\/fr\/event\/cnsa-fnsm-2026\/\" \/>\n<meta property=\"og:site_name\" content=\"Stem Ems\" \/>\n<meta property=\"article:publisher\" content=\"https:\/\/www.facebook.com\/stememsemergencymedicalsystems\/\" \/>\n<meta property=\"og:image\" content=\"https:\/\/www.stem.it\/wp-content\/uploads\/2026\/02\/CNSA-FNMS-2026-845x321-1.jpg\" \/>\n\t<meta property=\"og:image:width\" content=\"845\" \/>\n\t<meta property=\"og:image:height\" content=\"321\" \/>\n\t<meta property=\"og:image:type\" content=\"image\/jpeg\" \/>\n<meta name=\"twitter:card\" content=\"summary_large_image\" \/>\n<script type=\"application\/ld+json\" class=\"yoast-schema-graph\">{\"@context\":\"https:\\\/\\\/schema.org\",\"@graph\":[{\"@type\":\"WebPage\",\"@id\":\"https:\\\/\\\/www.stem.it\\\/fr\\\/event\\\/cnsa-fnsm-2026\\\/\",\"url\":\"https:\\\/\\\/www.stem.it\\\/fr\\\/event\\\/cnsa-fnsm-2026\\\/\",\"name\":\"CNSA-FNSM 2026 - Stem Ems\",\"isPartOf\":{\"@id\":\"https:\\\/\\\/www.stem.it\\\/fr\\\/#website\"},\"primaryImageOfPage\":{\"@id\":\"https:\\\/\\\/www.stem.it\\\/fr\\\/event\\\/cnsa-fnsm-2026\\\/#primaryimage\"},\"image\":{\"@id\":\"https:\\\/\\\/www.stem.it\\\/fr\\\/event\\\/cnsa-fnsm-2026\\\/#primaryimage\"},\"thumbnailUrl\":\"https:\\\/\\\/www.stem.it\\\/wp-content\\\/uploads\\\/2026\\\/02\\\/CNSA-FNMS-2026-845x321-1.jpg\",\"datePublished\":\"2026-02-26T11:30:46+00:00\",\"description\":\"Du 24 au 25 septembre 2026, la septi\u00e8me \u00e9dition du Congr\u00e8s National de l\u2019Ambulance et de la Mobilit\u00e9 Sanitaire.\",\"breadcrumb\":{\"@id\":\"https:\\\/\\\/www.stem.it\\\/fr\\\/event\\\/cnsa-fnsm-2026\\\/#breadcrumb\"},\"inLanguage\":\"fr-FR\",\"potentialAction\":[{\"@type\":\"ReadAction\",\"target\":[\"https:\\\/\\\/www.stem.it\\\/fr\\\/event\\\/cnsa-fnsm-2026\\\/\"]}]},{\"@type\":\"ImageObject\",\"inLanguage\":\"fr-FR\",\"@id\":\"https:\\\/\\\/www.stem.it\\\/fr\\\/event\\\/cnsa-fnsm-2026\\\/#primaryimage\",\"url\":\"https:\\\/\\\/www.stem.it\\\/wp-content\\\/uploads\\\/2026\\\/02\\\/CNSA-FNMS-2026-845x321-1.jpg\",\"contentUrl\":\"https:\\\/\\\/www.stem.it\\\/wp-content\\\/uploads\\\/2026\\\/02\\\/CNSA-FNMS-2026-845x321-1.jpg\",\"width\":845,\"height\":321},{\"@type\":\"BreadcrumbList\",\"@id\":\"https:\\\/\\\/www.stem.it\\\/fr\\\/event\\\/cnsa-fnsm-2026\\\/#breadcrumb\",\"itemListElement\":[{\"@type\":\"ListItem\",\"position\":1,\"name\":\"Home\",\"item\":\"https:\\\/\\\/www.stem.it\\\/fr\\\/\"},{\"@type\":\"ListItem\",\"position\":2,\"name\":\"\u00c9v\u00e8nements\",\"item\":\"https:\\\/\\\/www.stem.it\\\/fr\\\/events\\\/\"},{\"@type\":\"ListItem\",\"position\":3,\"name\":\"CNSA-FNSM 2026\"}]},{\"@type\":\"WebSite\",\"@id\":\"https:\\\/\\\/www.stem.it\\\/fr\\\/#website\",\"url\":\"https:\\\/\\\/www.stem.it\\\/fr\\\/\",\"name\":\"Stem Ems\",\"description\":\"Prodotti di alta qualit\u00e0 per lavoro ed emergenza\",\"potentialAction\":[{\"@type\":\"SearchAction\",\"target\":{\"@type\":\"EntryPoint\",\"urlTemplate\":\"https:\\\/\\\/www.stem.it\\\/fr\\\/?s={search_term_string}\"},\"query-input\":{\"@type\":\"PropertyValueSpecification\",\"valueRequired\":true,\"valueName\":\"search_term_string\"}}],\"inLanguage\":\"fr-FR\"}]}<\/script>\n<!-- \/ Yoast SEO plugin. -->","yoast_head_json":{"title":"CNSA-FNSM 2026 - Stem Ems","description":"Du 24 au 25 septembre 2026, la septi\u00e8me \u00e9dition du Congr\u00e8s National de l\u2019Ambulance et de la Mobilit\u00e9 Sanitaire.","robots":{"index":"index","follow":"follow","max-snippet":"max-snippet:-1","max-image-preview":"max-image-preview:large","max-video-preview":"max-video-preview:-1"},"canonical":"https:\/\/www.stem.it\/fr\/event\/cnsa-fnsm-2026\/","og_locale":"fr_FR","og_type":"article","og_title":"CNSA-FNSM 2026 - Stem Ems","og_description":"Du 24 au 25 septembre 2026, la septi\u00e8me \u00e9dition du Congr\u00e8s National de l\u2019Ambulance et de la Mobilit\u00e9 Sanitaire.","og_url":"https:\/\/www.stem.it\/fr\/event\/cnsa-fnsm-2026\/","og_site_name":"Stem Ems","article_publisher":"https:\/\/www.facebook.com\/stememsemergencymedicalsystems\/","og_image":[{"width":845,"height":321,"url":"https:\/\/www.stem.it\/wp-content\/uploads\/2026\/02\/CNSA-FNMS-2026-845x321-1.jpg","type":"image\/jpeg"}],"twitter_card":"summary_large_image","schema":{"@context":"https:\/\/schema.org","@graph":[{"@type":"WebPage","@id":"https:\/\/www.stem.it\/fr\/event\/cnsa-fnsm-2026\/","url":"https:\/\/www.stem.it\/fr\/event\/cnsa-fnsm-2026\/","name":"CNSA-FNSM 2026 - Stem Ems","isPartOf":{"@id":"https:\/\/www.stem.it\/fr\/#website"},"primaryImageOfPage":{"@id":"https:\/\/www.stem.it\/fr\/event\/cnsa-fnsm-2026\/#primaryimage"},"image":{"@id":"https:\/\/www.stem.it\/fr\/event\/cnsa-fnsm-2026\/#primaryimage"},"thumbnailUrl":"https:\/\/www.stem.it\/wp-content\/uploads\/2026\/02\/CNSA-FNMS-2026-845x321-1.jpg","datePublished":"2026-02-26T11:30:46+00:00","description":"Du 24 au 25 septembre 2026, la septi\u00e8me \u00e9dition du Congr\u00e8s National de l\u2019Ambulance et de la Mobilit\u00e9 Sanitaire.","breadcrumb":{"@id":"https:\/\/www.stem.it\/fr\/event\/cnsa-fnsm-2026\/#breadcrumb"},"inLanguage":"fr-FR","potentialAction":[{"@type":"ReadAction","target":["https:\/\/www.stem.it\/fr\/event\/cnsa-fnsm-2026\/"]}]},{"@type":"ImageObject","inLanguage":"fr-FR","@id":"https:\/\/www.stem.it\/fr\/event\/cnsa-fnsm-2026\/#primaryimage","url":"https:\/\/www.stem.it\/wp-content\/uploads\/2026\/02\/CNSA-FNMS-2026-845x321-1.jpg","contentUrl":"https:\/\/www.stem.it\/wp-content\/uploads\/2026\/02\/CNSA-FNMS-2026-845x321-1.jpg","width":845,"height":321},{"@type":"BreadcrumbList","@id":"https:\/\/www.stem.it\/fr\/event\/cnsa-fnsm-2026\/#breadcrumb","itemListElement":[{"@type":"ListItem","position":1,"name":"Home","item":"https:\/\/www.stem.it\/fr\/"},{"@type":"ListItem","position":2,"name":"\u00c9v\u00e8nements","item":"https:\/\/www.stem.it\/fr\/events\/"},{"@type":"ListItem","position":3,"name":"CNSA-FNSM 2026"}]},{"@type":"WebSite","@id":"https:\/\/www.stem.it\/fr\/#website","url":"https:\/\/www.stem.it\/fr\/","name":"Stem Ems","description":"Prodotti di alta qualit\u00e0 per lavoro ed emergenza","potentialAction":[{"@type":"SearchAction","target":{"@type":"EntryPoint","urlTemplate":"https:\/\/www.stem.it\/fr\/?s={search_term_string}"},"query-input":{"@type":"PropertyValueSpecification","valueRequired":true,"valueName":"search_term_string"}}],"inLanguage":"fr-FR"}]}},"_links":{"self":[{"href":"https:\/\/www.stem.it\/fr\/wp-json\/wp\/v2\/tribe_events\/39128","targetHints":{"allow":["GET"]}}],"collection":[{"href":"https:\/\/www.stem.it\/fr\/wp-json\/wp\/v2\/tribe_events"}],"about":[{"href":"https:\/\/www.stem.it\/fr\/wp-json\/wp\/v2\/types\/tribe_events"}],"author":[{"embeddable":true,"href":"https:\/\/www.stem.it\/fr\/wp-json\/wp\/v2\/users\/4"}],"version-history":[{"count":2,"href":"https:\/\/www.stem.it\/fr\/wp-json\/wp\/v2\/tribe_events\/39128\/revisions"}],"predecessor-version":[{"id":51933,"href":"https:\/\/www.stem.it\/fr\/wp-json\/wp\/v2\/tribe_events\/39128\/revisions\/51933"}],"wp:featuredmedia":[{"embeddable":true,"href":"https:\/\/www.stem.it\/fr\/wp-json\/wp\/v2\/media\/51909"}],"wp:attachment":[{"href":"https:\/\/www.stem.it\/fr\/wp-json\/wp\/v2\/media?parent=39128"}],"wp:term":[{"taxonomy":"post_tag","embeddable":true,"href":"https:\/\/www.stem.it\/fr\/wp-json\/wp\/v2\/tags?post=39128"},{"taxonomy":"tribe_events_cat","embeddable":true,"href":"https:\/\/www.stem.it\/fr\/wp-json\/wp\/v2\/tribe_events_cat?post=39128"}],"curies":[{"name":"wp","href":"https:\/\/api.w.org\/{rel}","templated":true}]}}

<p>La Chambre Nationale des Services d’Ambulance (CNSA) et la Fédération Nationale de la Mobilité Sanitaire (FNMS) organisent, du 24 au 25 septembre 2026, la septième édition du Congrès National de l’Ambulance et de la Mobilité Sanitaire.</p>

<p>La Chambre Nationale des Services d’Ambulance (CNSA) et la Fédération Nationale de la Mobilité Sanitaire (FNMS) organisent, du 24 au 25 septembre 2026, la septième édition du Congrès National de [&hellip;]</p>

<!-- This site is optimized with the Yoast SEO plugin v27.4 - https://yoast.com/product/yoast-seo-wordpress/ -->
<title>CNSA-FNSM 2026 - Stem Ems</title>
<meta name="description" content="Du 24 au 25 septembre 2026, la septième édition du Congrès National de l’Ambulance et de la Mobilité Sanitaire." />
<meta name="robots" content="index, follow, max-snippet:-1, max-image-preview:large, max-video-preview:-1" />
<link rel="canonical" href="https://www.stem.it/fr/event/cnsa-fnsm-2026/" />
<meta property="og:locale" content="fr_FR" />
<meta property="og:type" content="article" />
<meta property="og:title" content="CNSA-FNSM 2026 - Stem Ems" />
<meta property="og:description" content="Du 24 au 25 septembre 2026, la septième édition du Congrès National de l’Ambulance et de la Mobilité Sanitaire." />
<meta property="og:url" content="https://www.stem.it/fr/event/cnsa-fnsm-2026/" />
<meta property="og:site_name" content="Stem Ems" />
<meta property="article:publisher" content="https://www.facebook.com/stememsemergencymedicalsystems/" />
<meta property="og:image" content="https://www.stem.it/wp-content/uploads/2026/02/CNSA-FNMS-2026-845x321-1.jpg" />
	<meta property="og:image:width" content="845" />
	<meta property="og:image:height" content="321" />
	<meta property="og:image:type" content="image/jpeg" />
<meta name="twitter:card" content="summary_large_image" />
<script type="application/ld+json" class="yoast-schema-graph">{"@context":"https:\/\/schema.org","@graph":[{"@type":"WebPage","@id":"https:\/\/www.stem.it\/fr\/event\/cnsa-fnsm-2026\/","url":"https:\/\/www.stem.it\/fr\/event\/cnsa-fnsm-2026\/","name":"CNSA-FNSM 2026 - Stem Ems","isPartOf":{"@id":"https:\/\/www.stem.it\/fr\/#website"},"primaryImageOfPage":{"@id":"https:\/\/www.stem.it\/fr\/event\/cnsa-fnsm-2026\/#primaryimage"},"image":{"@id":"https:\/\/www.stem.it\/fr\/event\/cnsa-fnsm-2026\/#primaryimage"},"thumbnailUrl":"https:\/\/www.stem.it\/wp-content\/uploads\/2026\/02\/CNSA-FNMS-2026-845x321-1.jpg","datePublished":"2026-02-26T11:30:46+00:00","description":"Du 24 au 25 septembre 2026, la septième édition du Congrès National de l’Ambulance et de la Mobilité Sanitaire.","breadcrumb":{"@id":"https:\/\/www.stem.it\/fr\/event\/cnsa-fnsm-2026\/#breadcrumb"},"inLanguage":"fr-FR","potentialAction":[{"@type":"ReadAction","target":["https:\/\/www.stem.it\/fr\/event\/cnsa-fnsm-2026\/"]}]},{"@type":"ImageObject","inLanguage":"fr-FR","@id":"https:\/\/www.stem.it\/fr\/event\/cnsa-fnsm-2026\/#primaryimage","url":"https:\/\/www.stem.it\/wp-content\/uploads\/2026\/02\/CNSA-FNMS-2026-845x321-1.jpg","contentUrl":"https:\/\/www.stem.it\/wp-content\/uploads\/2026\/02\/CNSA-FNMS-2026-845x321-1.jpg","width":845,"height":321},{"@type":"BreadcrumbList","@id":"https:\/\/www.stem.it\/fr\/event\/cnsa-fnsm-2026\/#breadcrumb","itemListElement":[{"@type":"ListItem","position":1,"name":"Home","item":"https:\/\/www.stem.it\/fr\/"},{"@type":"ListItem","position":2,"name":"Évènements","item":"https:\/\/www.stem.it\/fr\/events\/"},{"@type":"ListItem","position":3,"name":"CNSA-FNSM 2026"}]},{"@type":"WebSite","@id":"https:\/\/www.stem.it\/fr\/#website","url":"https:\/\/www.stem.it\/fr\/","name":"Stem Ems","description":"Prodotti di alta qualità per lavoro ed emergenza","potentialAction":[{"@type":"SearchAction","target":{"@type":"EntryPoint","urlTemplate":"https:\/\/www.stem.it\/fr\/?s={search_term_string}"},"query-input":{"@type":"PropertyValueSpecification","valueRequired":true,"valueName":"search_term_string"}}],"inLanguage":"fr-FR"}]}</script>
<!-- / Yoast SEO plugin. -->

Du 24 au 25 septembre 2026, la septième édition du Congrès National de l’Ambulance et de la Mobilité Sanitaire.

Évènements

Prodotti di alta qualità per lavoro ed emergenza
