{"id":36970,"date":"2023-09-05T12:46:27","date_gmt":"2023-09-05T10:46:27","guid":{"rendered":"https:\/\/www.stem.it\/?post_type=tribe_events&#038;p=36970"},"modified":"2023-09-05T12:46:59","modified_gmt":"2023-09-05T10:46:59","slug":"cnms-2023","status":"publish","type":"tribe_events","link":"https:\/\/www.stem.it\/fr\/event\/cnms-2023\/","title":{"rendered":"CNMS 2023"},"content":{"rendered":"<p>4&prime; Convention de l&rsquo;Ambulance et de la Mobilit\u00e9 Sanitaire.<br \/>\nConvention Nationale de l\u2019Ambulance et de la Mobilit\u00e9 Sanitaire, la Chambre Nationale des Services d\u2019Ambulances et la F\u00e9d\u00e9ration Nationale de la Mobilit\u00e9 Sanitaire auront le plaisir de vous accueillir les 12 et 13 octobre<br \/>\nauArena Sude de France &#8211; Montpellier.<\/p>\n<p><strong>Stand B14b<\/strong><\/p>\n","protected":false},"excerpt":{"rendered":"<p>4&prime; Convention de l&rsquo;Ambulance et de la Mobilit\u00e9 Sanitaire. Convention Nationale de l\u2019Ambulance et de la Mobilit\u00e9 Sanitaire, la Chambre Nationale des Services d\u2019Ambulances et la F\u00e9d\u00e9ration Nationale de la [&hellip;]<\/p>\n","protected":false},"author":4,"featured_media":36977,"template":"","meta":{"_tribe_events_status":"","_tribe_events_status_reason":"","footnotes":""},"tags":[],"tribe_events_cat":[],"class_list":["post-36970","tribe_events","type-tribe_events","status-publish","has-post-thumbnail","hentry"],"yoast_head":"<!-- This site is optimized with the Yoast SEO plugin v27.4 - https:\/\/yoast.com\/product\/yoast-seo-wordpress\/ -->\n<title>CNMS 2023 - Stem Ems<\/title>\n<meta name=\"robots\" content=\"index, follow, max-snippet:-1, max-image-preview:large, max-video-preview:-1\" \/>\n<link rel=\"canonical\" href=\"https:\/\/www.stem.it\/fr\/event\/cnms-2023\/\" \/>\n<meta property=\"og:locale\" content=\"fr_FR\" \/>\n<meta property=\"og:type\" content=\"article\" \/>\n<meta property=\"og:title\" content=\"CNMS 2023 - Stem Ems\" \/>\n<meta property=\"og:description\" content=\"4&prime; Convention de l&rsquo;Ambulance et de la Mobilit\u00e9 Sanitaire. Convention Nationale de l\u2019Ambulance et de la Mobilit\u00e9 Sanitaire, la Chambre Nationale des Services d\u2019Ambulances et la F\u00e9d\u00e9ration Nationale de la [&hellip;]\" \/>\n<meta property=\"og:url\" content=\"https:\/\/www.stem.it\/fr\/event\/cnms-2023\/\" \/>\n<meta property=\"og:site_name\" content=\"Stem Ems\" \/>\n<meta property=\"article:publisher\" content=\"https:\/\/www.facebook.com\/stememsemergencymedicalsystems\/\" \/>\n<meta property=\"article:modified_time\" content=\"2023-09-05T10:46:59+00:00\" \/>\n<meta property=\"og:image\" content=\"https:\/\/www.stem.it\/wp-content\/uploads\/2023\/09\/CNMS-2023-845x321-1.jpg\" \/>\n\t<meta property=\"og:image:width\" content=\"845\" \/>\n\t<meta property=\"og:image:height\" content=\"321\" \/>\n\t<meta property=\"og:image:type\" content=\"image\/jpeg\" \/>\n<meta name=\"twitter:card\" content=\"summary_large_image\" \/>\n<meta name=\"twitter:label1\" content=\"Dur\u00e9e de lecture estim\u00e9e\" \/>\n\t<meta name=\"twitter:data1\" content=\"1 minute\" \/>\n<script type=\"application\/ld+json\" class=\"yoast-schema-graph\">{\"@context\":\"https:\\\/\\\/schema.org\",\"@graph\":[{\"@type\":\"WebPage\",\"@id\":\"https:\\\/\\\/www.stem.it\\\/fr\\\/event\\\/cnms-2023\\\/\",\"url\":\"https:\\\/\\\/www.stem.it\\\/fr\\\/event\\\/cnms-2023\\\/\",\"name\":\"CNMS 2023 - Stem Ems\",\"isPartOf\":{\"@id\":\"https:\\\/\\\/www.stem.it\\\/fr\\\/#website\"},\"primaryImageOfPage\":{\"@id\":\"https:\\\/\\\/www.stem.it\\\/fr\\\/event\\\/cnms-2023\\\/#primaryimage\"},\"image\":{\"@id\":\"https:\\\/\\\/www.stem.it\\\/fr\\\/event\\\/cnms-2023\\\/#primaryimage\"},\"thumbnailUrl\":\"https:\\\/\\\/www.stem.it\\\/wp-content\\\/uploads\\\/2023\\\/09\\\/CNMS-2023-845x321-1.jpg\",\"datePublished\":\"2023-09-05T10:46:27+00:00\",\"dateModified\":\"2023-09-05T10:46:59+00:00\",\"breadcrumb\":{\"@id\":\"https:\\\/\\\/www.stem.it\\\/fr\\\/event\\\/cnms-2023\\\/#breadcrumb\"},\"inLanguage\":\"fr-FR\",\"potentialAction\":[{\"@type\":\"ReadAction\",\"target\":[\"https:\\\/\\\/www.stem.it\\\/fr\\\/event\\\/cnms-2023\\\/\"]}]},{\"@type\":\"ImageObject\",\"inLanguage\":\"fr-FR\",\"@id\":\"https:\\\/\\\/www.stem.it\\\/fr\\\/event\\\/cnms-2023\\\/#primaryimage\",\"url\":\"https:\\\/\\\/www.stem.it\\\/wp-content\\\/uploads\\\/2023\\\/09\\\/CNMS-2023-845x321-1.jpg\",\"contentUrl\":\"https:\\\/\\\/www.stem.it\\\/wp-content\\\/uploads\\\/2023\\\/09\\\/CNMS-2023-845x321-1.jpg\",\"width\":845,\"height\":321},{\"@type\":\"BreadcrumbList\",\"@id\":\"https:\\\/\\\/www.stem.it\\\/fr\\\/event\\\/cnms-2023\\\/#breadcrumb\",\"itemListElement\":[{\"@type\":\"ListItem\",\"position\":1,\"name\":\"Home\",\"item\":\"https:\\\/\\\/www.stem.it\\\/fr\\\/\"},{\"@type\":\"ListItem\",\"position\":2,\"name\":\"\u00c9v\u00e8nements\",\"item\":\"https:\\\/\\\/www.stem.it\\\/fr\\\/events\\\/\"},{\"@type\":\"ListItem\",\"position\":3,\"name\":\"CNMS 2023\"}]},{\"@type\":\"WebSite\",\"@id\":\"https:\\\/\\\/www.stem.it\\\/fr\\\/#website\",\"url\":\"https:\\\/\\\/www.stem.it\\\/fr\\\/\",\"name\":\"Stem Ems\",\"description\":\"Prodotti di alta qualit\u00e0 per lavoro ed emergenza\",\"potentialAction\":[{\"@type\":\"SearchAction\",\"target\":{\"@type\":\"EntryPoint\",\"urlTemplate\":\"https:\\\/\\\/www.stem.it\\\/fr\\\/?s={search_term_string}\"},\"query-input\":{\"@type\":\"PropertyValueSpecification\",\"valueRequired\":true,\"valueName\":\"search_term_string\"}}],\"inLanguage\":\"fr-FR\"}]}<\/script>\n<!-- \/ Yoast SEO plugin. -->","yoast_head_json":{"title":"CNMS 2023 - Stem Ems","robots":{"index":"index","follow":"follow","max-snippet":"max-snippet:-1","max-image-preview":"max-image-preview:large","max-video-preview":"max-video-preview:-1"},"canonical":"https:\/\/www.stem.it\/fr\/event\/cnms-2023\/","og_locale":"fr_FR","og_type":"article","og_title":"CNMS 2023 - Stem Ems","og_description":"4&prime; Convention de l&rsquo;Ambulance et de la Mobilit\u00e9 Sanitaire. Convention Nationale de l\u2019Ambulance et de la Mobilit\u00e9 Sanitaire, la Chambre Nationale des Services d\u2019Ambulances et la F\u00e9d\u00e9ration Nationale de la [&hellip;]","og_url":"https:\/\/www.stem.it\/fr\/event\/cnms-2023\/","og_site_name":"Stem Ems","article_publisher":"https:\/\/www.facebook.com\/stememsemergencymedicalsystems\/","article_modified_time":"2023-09-05T10:46:59+00:00","og_image":[{"width":845,"height":321,"url":"https:\/\/www.stem.it\/wp-content\/uploads\/2023\/09\/CNMS-2023-845x321-1.jpg","type":"image\/jpeg"}],"twitter_card":"summary_large_image","twitter_misc":{"Dur\u00e9e de lecture estim\u00e9e":"1 minute"},"schema":{"@context":"https:\/\/schema.org","@graph":[{"@type":"WebPage","@id":"https:\/\/www.stem.it\/fr\/event\/cnms-2023\/","url":"https:\/\/www.stem.it\/fr\/event\/cnms-2023\/","name":"CNMS 2023 - Stem Ems","isPartOf":{"@id":"https:\/\/www.stem.it\/fr\/#website"},"primaryImageOfPage":{"@id":"https:\/\/www.stem.it\/fr\/event\/cnms-2023\/#primaryimage"},"image":{"@id":"https:\/\/www.stem.it\/fr\/event\/cnms-2023\/#primaryimage"},"thumbnailUrl":"https:\/\/www.stem.it\/wp-content\/uploads\/2023\/09\/CNMS-2023-845x321-1.jpg","datePublished":"2023-09-05T10:46:27+00:00","dateModified":"2023-09-05T10:46:59+00:00","breadcrumb":{"@id":"https:\/\/www.stem.it\/fr\/event\/cnms-2023\/#breadcrumb"},"inLanguage":"fr-FR","potentialAction":[{"@type":"ReadAction","target":["https:\/\/www.stem.it\/fr\/event\/cnms-2023\/"]}]},{"@type":"ImageObject","inLanguage":"fr-FR","@id":"https:\/\/www.stem.it\/fr\/event\/cnms-2023\/#primaryimage","url":"https:\/\/www.stem.it\/wp-content\/uploads\/2023\/09\/CNMS-2023-845x321-1.jpg","contentUrl":"https:\/\/www.stem.it\/wp-content\/uploads\/2023\/09\/CNMS-2023-845x321-1.jpg","width":845,"height":321},{"@type":"BreadcrumbList","@id":"https:\/\/www.stem.it\/fr\/event\/cnms-2023\/#breadcrumb","itemListElement":[{"@type":"ListItem","position":1,"name":"Home","item":"https:\/\/www.stem.it\/fr\/"},{"@type":"ListItem","position":2,"name":"\u00c9v\u00e8nements","item":"https:\/\/www.stem.it\/fr\/events\/"},{"@type":"ListItem","position":3,"name":"CNMS 2023"}]},{"@type":"WebSite","@id":"https:\/\/www.stem.it\/fr\/#website","url":"https:\/\/www.stem.it\/fr\/","name":"Stem Ems","description":"Prodotti di alta qualit\u00e0 per lavoro ed emergenza","potentialAction":[{"@type":"SearchAction","target":{"@type":"EntryPoint","urlTemplate":"https:\/\/www.stem.it\/fr\/?s={search_term_string}"},"query-input":{"@type":"PropertyValueSpecification","valueRequired":true,"valueName":"search_term_string"}}],"inLanguage":"fr-FR"}]}},"_links":{"self":[{"href":"https:\/\/www.stem.it\/fr\/wp-json\/wp\/v2\/tribe_events\/36970","targetHints":{"allow":["GET"]}}],"collection":[{"href":"https:\/\/www.stem.it\/fr\/wp-json\/wp\/v2\/tribe_events"}],"about":[{"href":"https:\/\/www.stem.it\/fr\/wp-json\/wp\/v2\/types\/tribe_events"}],"author":[{"embeddable":true,"href":"https:\/\/www.stem.it\/fr\/wp-json\/wp\/v2\/users\/4"}],"version-history":[{"count":2,"href":"https:\/\/www.stem.it\/fr\/wp-json\/wp\/v2\/tribe_events\/36970\/revisions"}],"predecessor-version":[{"id":36986,"href":"https:\/\/www.stem.it\/fr\/wp-json\/wp\/v2\/tribe_events\/36970\/revisions\/36986"}],"wp:featuredmedia":[{"embeddable":true,"href":"https:\/\/www.stem.it\/fr\/wp-json\/wp\/v2\/media\/36977"}],"wp:attachment":[{"href":"https:\/\/www.stem.it\/fr\/wp-json\/wp\/v2\/media?parent=36970"}],"wp:term":[{"taxonomy":"post_tag","embeddable":true,"href":"https:\/\/www.stem.it\/fr\/wp-json\/wp\/v2\/tags?post=36970"},{"taxonomy":"tribe_events_cat","embeddable":true,"href":"https:\/\/www.stem.it\/fr\/wp-json\/wp\/v2\/tribe_events_cat?post=36970"}],"curies":[{"name":"wp","href":"https:\/\/api.w.org\/{rel}","templated":true}]}}

<p>4&prime; Convention de l&rsquo;Ambulance et de la Mobilité Sanitaire.<br />
Convention Nationale de l’Ambulance et de la Mobilité Sanitaire, la Chambre Nationale des Services d’Ambulances et la Fédération Nationale de la Mobilité Sanitaire auront le plaisir de vous accueillir les 12 et 13 octobre<br />
auArena Sude de France &#8211; Montpellier.</p>
<p><strong>Stand B14b</strong></p>

<p>4&prime; Convention de l&rsquo;Ambulance et de la Mobilité Sanitaire. Convention Nationale de l’Ambulance et de la Mobilité Sanitaire, la Chambre Nationale des Services d’Ambulances et la Fédération Nationale de la [&hellip;]</p>

<!-- This site is optimized with the Yoast SEO plugin v27.4 - https://yoast.com/product/yoast-seo-wordpress/ -->
<title>CNMS 2023 - Stem Ems</title>
<meta name="robots" content="index, follow, max-snippet:-1, max-image-preview:large, max-video-preview:-1" />
<link rel="canonical" href="https://www.stem.it/fr/event/cnms-2023/" />
<meta property="og:locale" content="fr_FR" />
<meta property="og:type" content="article" />
<meta property="og:title" content="CNMS 2023 - Stem Ems" />
<meta property="og:description" content="4&prime; Convention de l&rsquo;Ambulance et de la Mobilité Sanitaire. Convention Nationale de l’Ambulance et de la Mobilité Sanitaire, la Chambre Nationale des Services d’Ambulances et la Fédération Nationale de la [&hellip;]" />
<meta property="og:url" content="https://www.stem.it/fr/event/cnms-2023/" />
<meta property="og:site_name" content="Stem Ems" />
<meta property="article:publisher" content="https://www.facebook.com/stememsemergencymedicalsystems/" />
<meta property="article:modified_time" content="2023-09-05T10:46:59+00:00" />
<meta property="og:image" content="https://www.stem.it/wp-content/uploads/2023/09/CNMS-2023-845x321-1.jpg" />
	<meta property="og:image:width" content="845" />
	<meta property="og:image:height" content="321" />
	<meta property="og:image:type" content="image/jpeg" />
<meta name="twitter:card" content="summary_large_image" />
<meta name="twitter:label1" content="Durée de lecture estimée" />
	<meta name="twitter:data1" content="1 minute" />
<script type="application/ld+json" class="yoast-schema-graph">{"@context":"https:\/\/schema.org","@graph":[{"@type":"WebPage","@id":"https:\/\/www.stem.it\/fr\/event\/cnms-2023\/","url":"https:\/\/www.stem.it\/fr\/event\/cnms-2023\/","name":"CNMS 2023 - Stem Ems","isPartOf":{"@id":"https:\/\/www.stem.it\/fr\/#website"},"primaryImageOfPage":{"@id":"https:\/\/www.stem.it\/fr\/event\/cnms-2023\/#primaryimage"},"image":{"@id":"https:\/\/www.stem.it\/fr\/event\/cnms-2023\/#primaryimage"},"thumbnailUrl":"https:\/\/www.stem.it\/wp-content\/uploads\/2023\/09\/CNMS-2023-845x321-1.jpg","datePublished":"2023-09-05T10:46:27+00:00","dateModified":"2023-09-05T10:46:59+00:00","breadcrumb":{"@id":"https:\/\/www.stem.it\/fr\/event\/cnms-2023\/#breadcrumb"},"inLanguage":"fr-FR","potentialAction":[{"@type":"ReadAction","target":["https:\/\/www.stem.it\/fr\/event\/cnms-2023\/"]}]},{"@type":"ImageObject","inLanguage":"fr-FR","@id":"https:\/\/www.stem.it\/fr\/event\/cnms-2023\/#primaryimage","url":"https:\/\/www.stem.it\/wp-content\/uploads\/2023\/09\/CNMS-2023-845x321-1.jpg","contentUrl":"https:\/\/www.stem.it\/wp-content\/uploads\/2023\/09\/CNMS-2023-845x321-1.jpg","width":845,"height":321},{"@type":"BreadcrumbList","@id":"https:\/\/www.stem.it\/fr\/event\/cnms-2023\/#breadcrumb","itemListElement":[{"@type":"ListItem","position":1,"name":"Home","item":"https:\/\/www.stem.it\/fr\/"},{"@type":"ListItem","position":2,"name":"Évènements","item":"https:\/\/www.stem.it\/fr\/events\/"},{"@type":"ListItem","position":3,"name":"CNMS 2023"}]},{"@type":"WebSite","@id":"https:\/\/www.stem.it\/fr\/#website","url":"https:\/\/www.stem.it\/fr\/","name":"Stem Ems","description":"Prodotti di alta qualità per lavoro ed emergenza","potentialAction":[{"@type":"SearchAction","target":{"@type":"EntryPoint","urlTemplate":"https:\/\/www.stem.it\/fr\/?s={search_term_string}"},"query-input":{"@type":"PropertyValueSpecification","valueRequired":true,"valueName":"search_term_string"}}],"inLanguage":"fr-FR"}]}</script>
<!-- / Yoast SEO plugin. -->

4&prime; Convention de l&rsquo;Ambulance et de la Mobilité Sanitaire. Convention Nationale de l’Ambulance et de la Mobilité Sanitaire, la Chambre Nationale des Services d’Ambulances et la Fédération Nationale de la [&hellip;]

Évènements

Prodotti di alta qualità per lavoro ed emergenza
