{"id":20930,"date":"2021-12-13T12:52:52","date_gmt":"2021-12-13T11:52:52","guid":{"rendered":"https:\/\/www.stem.it\/?post_type=tribe_events&#038;p=20930"},"modified":"2022-07-29T09:18:20","modified_gmt":"2022-07-29T07:18:20","slug":"reas-2022","status":"publish","type":"tribe_events","link":"https:\/\/www.stem.it\/fr\/event\/reas-2022\/","title":{"rendered":"Reas 2022"},"content":{"rendered":"<p>Chaque salon est le r\u00e9sultat d\u2019un grand TRAVAIL D\u2019\u00c9QUIPE.<br \/>\nREAS, le Salon International de l\u2019Urgence, nait gr\u00e2ce \u00e0 la collaboration des op\u00e9rateurs, volontaires, soci\u00e9t\u00e9s, organisations et associations qui travaillent ensemble pour un seul objectif\u00a0: la s\u00e9curit\u00e9 de nous tous.<br \/>\nChaque \u00e9dition de REAS est faite en respectant cet engagement\u00a0!<\/p>\n<p><strong>Pad 5 &#8211; Stand B7<\/strong><br \/>\n<strong>\u00a0<\/strong><\/p>\n","protected":false},"excerpt":{"rendered":"<p>Chaque salon est le r\u00e9sultat d\u2019un grand TRAVAIL D\u2019\u00c9QUIPE. REAS, le Salon International de l\u2019Urgence, nait gr\u00e2ce \u00e0 la collaboration des op\u00e9rateurs, volontaires, soci\u00e9t\u00e9s, organisations et associations qui travaillent ensemble [&hellip;]<\/p>\n","protected":false},"author":4,"featured_media":31164,"template":"","meta":{"_tribe_events_status":"","_tribe_events_status_reason":"","footnotes":""},"tags":[],"tribe_events_cat":[],"class_list":["post-20930","tribe_events","type-tribe_events","status-publish","has-post-thumbnail","hentry"],"yoast_head":"<!-- This site is optimized with the Yoast SEO plugin v27.4 - https:\/\/yoast.com\/product\/yoast-seo-wordpress\/ -->\n<title>Reas 2022 - Stem Ems<\/title>\n<meta name=\"robots\" content=\"index, follow, max-snippet:-1, max-image-preview:large, max-video-preview:-1\" \/>\n<link rel=\"canonical\" href=\"https:\/\/www.stem.it\/fr\/event\/reas-2022\/\" \/>\n<meta property=\"og:locale\" content=\"fr_FR\" \/>\n<meta property=\"og:type\" content=\"article\" \/>\n<meta property=\"og:title\" content=\"Reas 2022 - Stem Ems\" \/>\n<meta property=\"og:description\" content=\"Chaque salon est le r\u00e9sultat d\u2019un grand TRAVAIL D\u2019\u00c9QUIPE. REAS, le Salon International de l\u2019Urgence, nait gr\u00e2ce \u00e0 la collaboration des op\u00e9rateurs, volontaires, soci\u00e9t\u00e9s, organisations et associations qui travaillent ensemble [&hellip;]\" \/>\n<meta property=\"og:url\" content=\"https:\/\/www.stem.it\/fr\/event\/reas-2022\/\" \/>\n<meta property=\"og:site_name\" content=\"Stem Ems\" \/>\n<meta property=\"article:publisher\" content=\"https:\/\/www.facebook.com\/stememsemergencymedicalsystems\/\" \/>\n<meta property=\"article:modified_time\" content=\"2022-07-29T07:18:20+00:00\" \/>\n<meta property=\"og:image\" content=\"https:\/\/www.stem.it\/wp-content\/uploads\/2021\/12\/REAS-2022-845x321-2.jpg\" \/>\n\t<meta property=\"og:image:width\" content=\"845\" \/>\n\t<meta property=\"og:image:height\" content=\"321\" \/>\n\t<meta property=\"og:image:type\" content=\"image\/jpeg\" \/>\n<meta name=\"twitter:card\" content=\"summary_large_image\" \/>\n<meta name=\"twitter:label1\" content=\"Dur\u00e9e de lecture estim\u00e9e\" \/>\n\t<meta name=\"twitter:data1\" content=\"1 minute\" \/>\n<script type=\"application\/ld+json\" class=\"yoast-schema-graph\">{\"@context\":\"https:\\\/\\\/schema.org\",\"@graph\":[{\"@type\":\"WebPage\",\"@id\":\"https:\\\/\\\/www.stem.it\\\/fr\\\/event\\\/reas-2022\\\/\",\"url\":\"https:\\\/\\\/www.stem.it\\\/fr\\\/event\\\/reas-2022\\\/\",\"name\":\"Reas 2022 - Stem Ems\",\"isPartOf\":{\"@id\":\"https:\\\/\\\/www.stem.it\\\/fr\\\/#website\"},\"primaryImageOfPage\":{\"@id\":\"https:\\\/\\\/www.stem.it\\\/fr\\\/event\\\/reas-2022\\\/#primaryimage\"},\"image\":{\"@id\":\"https:\\\/\\\/www.stem.it\\\/fr\\\/event\\\/reas-2022\\\/#primaryimage\"},\"thumbnailUrl\":\"https:\\\/\\\/www.stem.it\\\/wp-content\\\/uploads\\\/2021\\\/12\\\/REAS-2022-845x321-2.jpg\",\"datePublished\":\"2021-12-13T11:52:52+00:00\",\"dateModified\":\"2022-07-29T07:18:20+00:00\",\"breadcrumb\":{\"@id\":\"https:\\\/\\\/www.stem.it\\\/fr\\\/event\\\/reas-2022\\\/#breadcrumb\"},\"inLanguage\":\"fr-FR\",\"potentialAction\":[{\"@type\":\"ReadAction\",\"target\":[\"https:\\\/\\\/www.stem.it\\\/fr\\\/event\\\/reas-2022\\\/\"]}]},{\"@type\":\"ImageObject\",\"inLanguage\":\"fr-FR\",\"@id\":\"https:\\\/\\\/www.stem.it\\\/fr\\\/event\\\/reas-2022\\\/#primaryimage\",\"url\":\"https:\\\/\\\/www.stem.it\\\/wp-content\\\/uploads\\\/2021\\\/12\\\/REAS-2022-845x321-2.jpg\",\"contentUrl\":\"https:\\\/\\\/www.stem.it\\\/wp-content\\\/uploads\\\/2021\\\/12\\\/REAS-2022-845x321-2.jpg\",\"width\":845,\"height\":321},{\"@type\":\"BreadcrumbList\",\"@id\":\"https:\\\/\\\/www.stem.it\\\/fr\\\/event\\\/reas-2022\\\/#breadcrumb\",\"itemListElement\":[{\"@type\":\"ListItem\",\"position\":1,\"name\":\"Home\",\"item\":\"https:\\\/\\\/www.stem.it\\\/fr\\\/\"},{\"@type\":\"ListItem\",\"position\":2,\"name\":\"\u00c9v\u00e8nements\",\"item\":\"https:\\\/\\\/www.stem.it\\\/fr\\\/events\\\/\"},{\"@type\":\"ListItem\",\"position\":3,\"name\":\"Reas 2022\"}]},{\"@type\":\"WebSite\",\"@id\":\"https:\\\/\\\/www.stem.it\\\/fr\\\/#website\",\"url\":\"https:\\\/\\\/www.stem.it\\\/fr\\\/\",\"name\":\"Stem Ems\",\"description\":\"Prodotti di alta qualit\u00e0 per lavoro ed emergenza\",\"potentialAction\":[{\"@type\":\"SearchAction\",\"target\":{\"@type\":\"EntryPoint\",\"urlTemplate\":\"https:\\\/\\\/www.stem.it\\\/fr\\\/?s={search_term_string}\"},\"query-input\":{\"@type\":\"PropertyValueSpecification\",\"valueRequired\":true,\"valueName\":\"search_term_string\"}}],\"inLanguage\":\"fr-FR\"}]}<\/script>\n<!-- \/ Yoast SEO plugin. -->","yoast_head_json":{"title":"Reas 2022 - Stem Ems","robots":{"index":"index","follow":"follow","max-snippet":"max-snippet:-1","max-image-preview":"max-image-preview:large","max-video-preview":"max-video-preview:-1"},"canonical":"https:\/\/www.stem.it\/fr\/event\/reas-2022\/","og_locale":"fr_FR","og_type":"article","og_title":"Reas 2022 - Stem Ems","og_description":"Chaque salon est le r\u00e9sultat d\u2019un grand TRAVAIL D\u2019\u00c9QUIPE. REAS, le Salon International de l\u2019Urgence, nait gr\u00e2ce \u00e0 la collaboration des op\u00e9rateurs, volontaires, soci\u00e9t\u00e9s, organisations et associations qui travaillent ensemble [&hellip;]","og_url":"https:\/\/www.stem.it\/fr\/event\/reas-2022\/","og_site_name":"Stem Ems","article_publisher":"https:\/\/www.facebook.com\/stememsemergencymedicalsystems\/","article_modified_time":"2022-07-29T07:18:20+00:00","og_image":[{"width":845,"height":321,"url":"https:\/\/www.stem.it\/wp-content\/uploads\/2021\/12\/REAS-2022-845x321-2.jpg","type":"image\/jpeg"}],"twitter_card":"summary_large_image","twitter_misc":{"Dur\u00e9e de lecture estim\u00e9e":"1 minute"},"schema":{"@context":"https:\/\/schema.org","@graph":[{"@type":"WebPage","@id":"https:\/\/www.stem.it\/fr\/event\/reas-2022\/","url":"https:\/\/www.stem.it\/fr\/event\/reas-2022\/","name":"Reas 2022 - Stem Ems","isPartOf":{"@id":"https:\/\/www.stem.it\/fr\/#website"},"primaryImageOfPage":{"@id":"https:\/\/www.stem.it\/fr\/event\/reas-2022\/#primaryimage"},"image":{"@id":"https:\/\/www.stem.it\/fr\/event\/reas-2022\/#primaryimage"},"thumbnailUrl":"https:\/\/www.stem.it\/wp-content\/uploads\/2021\/12\/REAS-2022-845x321-2.jpg","datePublished":"2021-12-13T11:52:52+00:00","dateModified":"2022-07-29T07:18:20+00:00","breadcrumb":{"@id":"https:\/\/www.stem.it\/fr\/event\/reas-2022\/#breadcrumb"},"inLanguage":"fr-FR","potentialAction":[{"@type":"ReadAction","target":["https:\/\/www.stem.it\/fr\/event\/reas-2022\/"]}]},{"@type":"ImageObject","inLanguage":"fr-FR","@id":"https:\/\/www.stem.it\/fr\/event\/reas-2022\/#primaryimage","url":"https:\/\/www.stem.it\/wp-content\/uploads\/2021\/12\/REAS-2022-845x321-2.jpg","contentUrl":"https:\/\/www.stem.it\/wp-content\/uploads\/2021\/12\/REAS-2022-845x321-2.jpg","width":845,"height":321},{"@type":"BreadcrumbList","@id":"https:\/\/www.stem.it\/fr\/event\/reas-2022\/#breadcrumb","itemListElement":[{"@type":"ListItem","position":1,"name":"Home","item":"https:\/\/www.stem.it\/fr\/"},{"@type":"ListItem","position":2,"name":"\u00c9v\u00e8nements","item":"https:\/\/www.stem.it\/fr\/events\/"},{"@type":"ListItem","position":3,"name":"Reas 2022"}]},{"@type":"WebSite","@id":"https:\/\/www.stem.it\/fr\/#website","url":"https:\/\/www.stem.it\/fr\/","name":"Stem Ems","description":"Prodotti di alta qualit\u00e0 per lavoro ed emergenza","potentialAction":[{"@type":"SearchAction","target":{"@type":"EntryPoint","urlTemplate":"https:\/\/www.stem.it\/fr\/?s={search_term_string}"},"query-input":{"@type":"PropertyValueSpecification","valueRequired":true,"valueName":"search_term_string"}}],"inLanguage":"fr-FR"}]}},"_links":{"self":[{"href":"https:\/\/www.stem.it\/fr\/wp-json\/wp\/v2\/tribe_events\/20930","targetHints":{"allow":["GET"]}}],"collection":[{"href":"https:\/\/www.stem.it\/fr\/wp-json\/wp\/v2\/tribe_events"}],"about":[{"href":"https:\/\/www.stem.it\/fr\/wp-json\/wp\/v2\/types\/tribe_events"}],"author":[{"embeddable":true,"href":"https:\/\/www.stem.it\/fr\/wp-json\/wp\/v2\/users\/4"}],"version-history":[{"count":2,"href":"https:\/\/www.stem.it\/fr\/wp-json\/wp\/v2\/tribe_events\/20930\/revisions"}],"predecessor-version":[{"id":31183,"href":"https:\/\/www.stem.it\/fr\/wp-json\/wp\/v2\/tribe_events\/20930\/revisions\/31183"}],"wp:featuredmedia":[{"embeddable":true,"href":"https:\/\/www.stem.it\/fr\/wp-json\/wp\/v2\/media\/31164"}],"wp:attachment":[{"href":"https:\/\/www.stem.it\/fr\/wp-json\/wp\/v2\/media?parent=20930"}],"wp:term":[{"taxonomy":"post_tag","embeddable":true,"href":"https:\/\/www.stem.it\/fr\/wp-json\/wp\/v2\/tags?post=20930"},{"taxonomy":"tribe_events_cat","embeddable":true,"href":"https:\/\/www.stem.it\/fr\/wp-json\/wp\/v2\/tribe_events_cat?post=20930"}],"curies":[{"name":"wp","href":"https:\/\/api.w.org\/{rel}","templated":true}]}}

<p>Chaque salon est le résultat d’un grand TRAVAIL D’ÉQUIPE.<br />
REAS, le Salon International de l’Urgence, nait grâce à la collaboration des opérateurs, volontaires, sociétés, organisations et associations qui travaillent ensemble pour un seul objectif : la sécurité de nous tous.<br />
Chaque édition de REAS est faite en respectant cet engagement !</p>
<p><strong>Pad 5 &#8211; Stand B7</strong><br />
<strong> </strong></p>

<p>Chaque salon est le résultat d’un grand TRAVAIL D’ÉQUIPE. REAS, le Salon International de l’Urgence, nait grâce à la collaboration des opérateurs, volontaires, sociétés, organisations et associations qui travaillent ensemble [&hellip;]</p>

<!-- This site is optimized with the Yoast SEO plugin v27.4 - https://yoast.com/product/yoast-seo-wordpress/ -->
<title>Reas 2022 - Stem Ems</title>
<meta name="robots" content="index, follow, max-snippet:-1, max-image-preview:large, max-video-preview:-1" />
<link rel="canonical" href="https://www.stem.it/fr/event/reas-2022/" />
<meta property="og:locale" content="fr_FR" />
<meta property="og:type" content="article" />
<meta property="og:title" content="Reas 2022 - Stem Ems" />
<meta property="og:description" content="Chaque salon est le résultat d’un grand TRAVAIL D’ÉQUIPE. REAS, le Salon International de l’Urgence, nait grâce à la collaboration des opérateurs, volontaires, sociétés, organisations et associations qui travaillent ensemble [&hellip;]" />
<meta property="og:url" content="https://www.stem.it/fr/event/reas-2022/" />
<meta property="og:site_name" content="Stem Ems" />
<meta property="article:publisher" content="https://www.facebook.com/stememsemergencymedicalsystems/" />
<meta property="article:modified_time" content="2022-07-29T07:18:20+00:00" />
<meta property="og:image" content="https://www.stem.it/wp-content/uploads/2021/12/REAS-2022-845x321-2.jpg" />
	<meta property="og:image:width" content="845" />
	<meta property="og:image:height" content="321" />
	<meta property="og:image:type" content="image/jpeg" />
<meta name="twitter:card" content="summary_large_image" />
<meta name="twitter:label1" content="Durée de lecture estimée" />
	<meta name="twitter:data1" content="1 minute" />
<script type="application/ld+json" class="yoast-schema-graph">{"@context":"https:\/\/schema.org","@graph":[{"@type":"WebPage","@id":"https:\/\/www.stem.it\/fr\/event\/reas-2022\/","url":"https:\/\/www.stem.it\/fr\/event\/reas-2022\/","name":"Reas 2022 - Stem Ems","isPartOf":{"@id":"https:\/\/www.stem.it\/fr\/#website"},"primaryImageOfPage":{"@id":"https:\/\/www.stem.it\/fr\/event\/reas-2022\/#primaryimage"},"image":{"@id":"https:\/\/www.stem.it\/fr\/event\/reas-2022\/#primaryimage"},"thumbnailUrl":"https:\/\/www.stem.it\/wp-content\/uploads\/2021\/12\/REAS-2022-845x321-2.jpg","datePublished":"2021-12-13T11:52:52+00:00","dateModified":"2022-07-29T07:18:20+00:00","breadcrumb":{"@id":"https:\/\/www.stem.it\/fr\/event\/reas-2022\/#breadcrumb"},"inLanguage":"fr-FR","potentialAction":[{"@type":"ReadAction","target":["https:\/\/www.stem.it\/fr\/event\/reas-2022\/"]}]},{"@type":"ImageObject","inLanguage":"fr-FR","@id":"https:\/\/www.stem.it\/fr\/event\/reas-2022\/#primaryimage","url":"https:\/\/www.stem.it\/wp-content\/uploads\/2021\/12\/REAS-2022-845x321-2.jpg","contentUrl":"https:\/\/www.stem.it\/wp-content\/uploads\/2021\/12\/REAS-2022-845x321-2.jpg","width":845,"height":321},{"@type":"BreadcrumbList","@id":"https:\/\/www.stem.it\/fr\/event\/reas-2022\/#breadcrumb","itemListElement":[{"@type":"ListItem","position":1,"name":"Home","item":"https:\/\/www.stem.it\/fr\/"},{"@type":"ListItem","position":2,"name":"Évènements","item":"https:\/\/www.stem.it\/fr\/events\/"},{"@type":"ListItem","position":3,"name":"Reas 2022"}]},{"@type":"WebSite","@id":"https:\/\/www.stem.it\/fr\/#website","url":"https:\/\/www.stem.it\/fr\/","name":"Stem Ems","description":"Prodotti di alta qualità per lavoro ed emergenza","potentialAction":[{"@type":"SearchAction","target":{"@type":"EntryPoint","urlTemplate":"https:\/\/www.stem.it\/fr\/?s={search_term_string}"},"query-input":{"@type":"PropertyValueSpecification","valueRequired":true,"valueName":"search_term_string"}}],"inLanguage":"fr-FR"}]}</script>
<!-- / Yoast SEO plugin. -->

Chaque salon est le résultat d’un grand TRAVAIL D’ÉQUIPE. REAS, le Salon International de l’Urgence, nait grâce à la collaboration des opérateurs, volontaires, sociétés, organisations et associations qui travaillent ensemble [&hellip;]

Évènements

Prodotti di alta qualità per lavoro ed emergenza
