{"id":11144,"date":"2021-02-16T08:48:42","date_gmt":"2021-02-16T07:48:42","guid":{"rendered":"https:\/\/www.stem.it\/?post_type=tribe_events&#038;p=11144"},"modified":"2021-09-16T12:25:27","modified_gmt":"2021-09-16T10:25:27","slug":"congres-national-des-sapeurs-pompiers-2021","status":"publish","type":"tribe_events","link":"https:\/\/www.stem.it\/fr\/event\/congres-national-des-sapeurs-pompiers-2021\/","title":{"rendered":"Congr\u00e8s National des Sapeurs Pompiers 2021"},"content":{"rendered":"<p>Le congr\u00e8s national des sapeurs-pompiers de France r\u00e9unit chaque ann\u00e9e presque 3.500 adh\u00e9rents, 400 exposants et attire plus de 50.000 visiteurs sur 4 jours. Il s\u2019agit de l\u2019\u00e9v\u00e9nement le plus important de la F\u00e9d\u00e9ration Nationale des Sapeurs-Pompiers de France.<\/p>\n<p><strong>EXT 315<\/strong><\/p>\n","protected":false},"excerpt":{"rendered":"<p>Le congr\u00e8s national des sapeurs-pompiers de France r\u00e9unit chaque ann\u00e9e presque 3.500 adh\u00e9rents, 400 exposants et attire plus de 50.000 visiteurs sur 4 jours. Il s\u2019agit de l\u2019\u00e9v\u00e9nement le plus [&hellip;]<\/p>\n","protected":false},"author":4,"featured_media":12617,"template":"","meta":{"_tribe_events_status":"","_tribe_events_status_reason":"","footnotes":""},"tags":[],"tribe_events_cat":[],"class_list":["post-11144","tribe_events","type-tribe_events","status-publish","has-post-thumbnail","hentry"],"yoast_head":"<!-- This site is optimized with the Yoast SEO plugin v27.4 - https:\/\/yoast.com\/product\/yoast-seo-wordpress\/ -->\n<title>Congr\u00e8s National des Sapeurs Pompiers 2021 - Stem Ems<\/title>\n<meta name=\"robots\" content=\"index, follow, max-snippet:-1, max-image-preview:large, max-video-preview:-1\" \/>\n<link rel=\"canonical\" href=\"https:\/\/www.stem.it\/fr\/event\/congres-national-des-sapeurs-pompiers-2021\/\" \/>\n<meta property=\"og:locale\" content=\"fr_FR\" \/>\n<meta property=\"og:type\" content=\"article\" \/>\n<meta property=\"og:title\" content=\"Congr\u00e8s National des Sapeurs Pompiers 2021 - Stem Ems\" \/>\n<meta property=\"og:description\" content=\"Le congr\u00e8s national des sapeurs-pompiers de France r\u00e9unit chaque ann\u00e9e presque 3.500 adh\u00e9rents, 400 exposants et attire plus de 50.000 visiteurs sur 4 jours. Il s\u2019agit de l\u2019\u00e9v\u00e9nement le plus [&hellip;]\" \/>\n<meta property=\"og:url\" content=\"https:\/\/www.stem.it\/fr\/event\/congres-national-des-sapeurs-pompiers-2021\/\" \/>\n<meta property=\"og:site_name\" content=\"Stem Ems\" \/>\n<meta property=\"article:publisher\" content=\"https:\/\/www.facebook.com\/stememsemergencymedicalsystems\/\" \/>\n<meta property=\"article:modified_time\" content=\"2021-09-16T10:25:27+00:00\" \/>\n<meta property=\"og:image\" content=\"https:\/\/www.stem.it\/wp-content\/uploads\/2021\/01\/CNSP-2021-845x321-1.jpg\" \/>\n\t<meta property=\"og:image:width\" content=\"845\" \/>\n\t<meta property=\"og:image:height\" content=\"321\" \/>\n\t<meta property=\"og:image:type\" content=\"image\/jpeg\" \/>\n<meta name=\"twitter:card\" content=\"summary_large_image\" \/>\n<meta name=\"twitter:label1\" content=\"Dur\u00e9e de lecture estim\u00e9e\" \/>\n\t<meta name=\"twitter:data1\" content=\"1 minute\" \/>\n<script type=\"application\/ld+json\" class=\"yoast-schema-graph\">{\"@context\":\"https:\\\/\\\/schema.org\",\"@graph\":[{\"@type\":\"WebPage\",\"@id\":\"https:\\\/\\\/www.stem.it\\\/fr\\\/event\\\/congres-national-des-sapeurs-pompiers-2021\\\/\",\"url\":\"https:\\\/\\\/www.stem.it\\\/fr\\\/event\\\/congres-national-des-sapeurs-pompiers-2021\\\/\",\"name\":\"Congr\u00e8s National des Sapeurs Pompiers 2021 - Stem Ems\",\"isPartOf\":{\"@id\":\"https:\\\/\\\/www.stem.it\\\/fr\\\/#website\"},\"primaryImageOfPage\":{\"@id\":\"https:\\\/\\\/www.stem.it\\\/fr\\\/event\\\/congres-national-des-sapeurs-pompiers-2021\\\/#primaryimage\"},\"image\":{\"@id\":\"https:\\\/\\\/www.stem.it\\\/fr\\\/event\\\/congres-national-des-sapeurs-pompiers-2021\\\/#primaryimage\"},\"thumbnailUrl\":\"https:\\\/\\\/www.stem.it\\\/wp-content\\\/uploads\\\/2021\\\/01\\\/CNSP-2021-845x321-1.jpg\",\"datePublished\":\"2021-02-16T07:48:42+00:00\",\"dateModified\":\"2021-09-16T10:25:27+00:00\",\"breadcrumb\":{\"@id\":\"https:\\\/\\\/www.stem.it\\\/fr\\\/event\\\/congres-national-des-sapeurs-pompiers-2021\\\/#breadcrumb\"},\"inLanguage\":\"fr-FR\",\"potentialAction\":[{\"@type\":\"ReadAction\",\"target\":[\"https:\\\/\\\/www.stem.it\\\/fr\\\/event\\\/congres-national-des-sapeurs-pompiers-2021\\\/\"]}]},{\"@type\":\"ImageObject\",\"inLanguage\":\"fr-FR\",\"@id\":\"https:\\\/\\\/www.stem.it\\\/fr\\\/event\\\/congres-national-des-sapeurs-pompiers-2021\\\/#primaryimage\",\"url\":\"https:\\\/\\\/www.stem.it\\\/wp-content\\\/uploads\\\/2021\\\/01\\\/CNSP-2021-845x321-1.jpg\",\"contentUrl\":\"https:\\\/\\\/www.stem.it\\\/wp-content\\\/uploads\\\/2021\\\/01\\\/CNSP-2021-845x321-1.jpg\",\"width\":845,\"height\":321},{\"@type\":\"BreadcrumbList\",\"@id\":\"https:\\\/\\\/www.stem.it\\\/fr\\\/event\\\/congres-national-des-sapeurs-pompiers-2021\\\/#breadcrumb\",\"itemListElement\":[{\"@type\":\"ListItem\",\"position\":1,\"name\":\"Home\",\"item\":\"https:\\\/\\\/www.stem.it\\\/fr\\\/\"},{\"@type\":\"ListItem\",\"position\":2,\"name\":\"\u00c9v\u00e8nements\",\"item\":\"https:\\\/\\\/www.stem.it\\\/fr\\\/events\\\/\"},{\"@type\":\"ListItem\",\"position\":3,\"name\":\"Congr\u00e8s National des Sapeurs Pompiers 2021\"}]},{\"@type\":\"WebSite\",\"@id\":\"https:\\\/\\\/www.stem.it\\\/fr\\\/#website\",\"url\":\"https:\\\/\\\/www.stem.it\\\/fr\\\/\",\"name\":\"Stem Ems\",\"description\":\"Prodotti di alta qualit\u00e0 per lavoro ed emergenza\",\"potentialAction\":[{\"@type\":\"SearchAction\",\"target\":{\"@type\":\"EntryPoint\",\"urlTemplate\":\"https:\\\/\\\/www.stem.it\\\/fr\\\/?s={search_term_string}\"},\"query-input\":{\"@type\":\"PropertyValueSpecification\",\"valueRequired\":true,\"valueName\":\"search_term_string\"}}],\"inLanguage\":\"fr-FR\"}]}<\/script>\n<!-- \/ Yoast SEO plugin. -->","yoast_head_json":{"title":"Congr\u00e8s National des Sapeurs Pompiers 2021 - Stem Ems","robots":{"index":"index","follow":"follow","max-snippet":"max-snippet:-1","max-image-preview":"max-image-preview:large","max-video-preview":"max-video-preview:-1"},"canonical":"https:\/\/www.stem.it\/fr\/event\/congres-national-des-sapeurs-pompiers-2021\/","og_locale":"fr_FR","og_type":"article","og_title":"Congr\u00e8s National des Sapeurs Pompiers 2021 - Stem Ems","og_description":"Le congr\u00e8s national des sapeurs-pompiers de France r\u00e9unit chaque ann\u00e9e presque 3.500 adh\u00e9rents, 400 exposants et attire plus de 50.000 visiteurs sur 4 jours. Il s\u2019agit de l\u2019\u00e9v\u00e9nement le plus [&hellip;]","og_url":"https:\/\/www.stem.it\/fr\/event\/congres-national-des-sapeurs-pompiers-2021\/","og_site_name":"Stem Ems","article_publisher":"https:\/\/www.facebook.com\/stememsemergencymedicalsystems\/","article_modified_time":"2021-09-16T10:25:27+00:00","og_image":[{"width":845,"height":321,"url":"https:\/\/www.stem.it\/wp-content\/uploads\/2021\/01\/CNSP-2021-845x321-1.jpg","type":"image\/jpeg"}],"twitter_card":"summary_large_image","twitter_misc":{"Dur\u00e9e de lecture estim\u00e9e":"1 minute"},"schema":{"@context":"https:\/\/schema.org","@graph":[{"@type":"WebPage","@id":"https:\/\/www.stem.it\/fr\/event\/congres-national-des-sapeurs-pompiers-2021\/","url":"https:\/\/www.stem.it\/fr\/event\/congres-national-des-sapeurs-pompiers-2021\/","name":"Congr\u00e8s National des Sapeurs Pompiers 2021 - Stem Ems","isPartOf":{"@id":"https:\/\/www.stem.it\/fr\/#website"},"primaryImageOfPage":{"@id":"https:\/\/www.stem.it\/fr\/event\/congres-national-des-sapeurs-pompiers-2021\/#primaryimage"},"image":{"@id":"https:\/\/www.stem.it\/fr\/event\/congres-national-des-sapeurs-pompiers-2021\/#primaryimage"},"thumbnailUrl":"https:\/\/www.stem.it\/wp-content\/uploads\/2021\/01\/CNSP-2021-845x321-1.jpg","datePublished":"2021-02-16T07:48:42+00:00","dateModified":"2021-09-16T10:25:27+00:00","breadcrumb":{"@id":"https:\/\/www.stem.it\/fr\/event\/congres-national-des-sapeurs-pompiers-2021\/#breadcrumb"},"inLanguage":"fr-FR","potentialAction":[{"@type":"ReadAction","target":["https:\/\/www.stem.it\/fr\/event\/congres-national-des-sapeurs-pompiers-2021\/"]}]},{"@type":"ImageObject","inLanguage":"fr-FR","@id":"https:\/\/www.stem.it\/fr\/event\/congres-national-des-sapeurs-pompiers-2021\/#primaryimage","url":"https:\/\/www.stem.it\/wp-content\/uploads\/2021\/01\/CNSP-2021-845x321-1.jpg","contentUrl":"https:\/\/www.stem.it\/wp-content\/uploads\/2021\/01\/CNSP-2021-845x321-1.jpg","width":845,"height":321},{"@type":"BreadcrumbList","@id":"https:\/\/www.stem.it\/fr\/event\/congres-national-des-sapeurs-pompiers-2021\/#breadcrumb","itemListElement":[{"@type":"ListItem","position":1,"name":"Home","item":"https:\/\/www.stem.it\/fr\/"},{"@type":"ListItem","position":2,"name":"\u00c9v\u00e8nements","item":"https:\/\/www.stem.it\/fr\/events\/"},{"@type":"ListItem","position":3,"name":"Congr\u00e8s National des Sapeurs Pompiers 2021"}]},{"@type":"WebSite","@id":"https:\/\/www.stem.it\/fr\/#website","url":"https:\/\/www.stem.it\/fr\/","name":"Stem Ems","description":"Prodotti di alta qualit\u00e0 per lavoro ed emergenza","potentialAction":[{"@type":"SearchAction","target":{"@type":"EntryPoint","urlTemplate":"https:\/\/www.stem.it\/fr\/?s={search_term_string}"},"query-input":{"@type":"PropertyValueSpecification","valueRequired":true,"valueName":"search_term_string"}}],"inLanguage":"fr-FR"}]}},"_links":{"self":[{"href":"https:\/\/www.stem.it\/fr\/wp-json\/wp\/v2\/tribe_events\/11144","targetHints":{"allow":["GET"]}}],"collection":[{"href":"https:\/\/www.stem.it\/fr\/wp-json\/wp\/v2\/tribe_events"}],"about":[{"href":"https:\/\/www.stem.it\/fr\/wp-json\/wp\/v2\/types\/tribe_events"}],"author":[{"embeddable":true,"href":"https:\/\/www.stem.it\/fr\/wp-json\/wp\/v2\/users\/4"}],"version-history":[{"count":5,"href":"https:\/\/www.stem.it\/fr\/wp-json\/wp\/v2\/tribe_events\/11144\/revisions"}],"predecessor-version":[{"id":17479,"href":"https:\/\/www.stem.it\/fr\/wp-json\/wp\/v2\/tribe_events\/11144\/revisions\/17479"}],"wp:featuredmedia":[{"embeddable":true,"href":"https:\/\/www.stem.it\/fr\/wp-json\/wp\/v2\/media\/12617"}],"wp:attachment":[{"href":"https:\/\/www.stem.it\/fr\/wp-json\/wp\/v2\/media?parent=11144"}],"wp:term":[{"taxonomy":"post_tag","embeddable":true,"href":"https:\/\/www.stem.it\/fr\/wp-json\/wp\/v2\/tags?post=11144"},{"taxonomy":"tribe_events_cat","embeddable":true,"href":"https:\/\/www.stem.it\/fr\/wp-json\/wp\/v2\/tribe_events_cat?post=11144"}],"curies":[{"name":"wp","href":"https:\/\/api.w.org\/{rel}","templated":true}]}}

Congrès National des Sapeurs Pompiers 2021

<p>Le congrès national des sapeurs-pompiers de France réunit chaque année presque 3.500 adhérents, 400 exposants et attire plus de 50.000 visiteurs sur 4 jours. Il s’agit de l’événement le plus important de la Fédération Nationale des Sapeurs-Pompiers de France.</p>
<p><strong>EXT 315</strong></p>

<p>Le congrès national des sapeurs-pompiers de France réunit chaque année presque 3.500 adhérents, 400 exposants et attire plus de 50.000 visiteurs sur 4 jours. Il s’agit de l’événement le plus [&hellip;]</p>

<!-- This site is optimized with the Yoast SEO plugin v27.4 - https://yoast.com/product/yoast-seo-wordpress/ -->
<title>Congrès National des Sapeurs Pompiers 2021 - Stem Ems</title>
<meta name="robots" content="index, follow, max-snippet:-1, max-image-preview:large, max-video-preview:-1" />
<link rel="canonical" href="https://www.stem.it/fr/event/congres-national-des-sapeurs-pompiers-2021/" />
<meta property="og:locale" content="fr_FR" />
<meta property="og:type" content="article" />
<meta property="og:title" content="Congrès National des Sapeurs Pompiers 2021 - Stem Ems" />
<meta property="og:description" content="Le congrès national des sapeurs-pompiers de France réunit chaque année presque 3.500 adhérents, 400 exposants et attire plus de 50.000 visiteurs sur 4 jours. Il s’agit de l’événement le plus [&hellip;]" />
<meta property="og:url" content="https://www.stem.it/fr/event/congres-national-des-sapeurs-pompiers-2021/" />
<meta property="og:site_name" content="Stem Ems" />
<meta property="article:publisher" content="https://www.facebook.com/stememsemergencymedicalsystems/" />
<meta property="article:modified_time" content="2021-09-16T10:25:27+00:00" />
<meta property="og:image" content="https://www.stem.it/wp-content/uploads/2021/01/CNSP-2021-845x321-1.jpg" />
	<meta property="og:image:width" content="845" />
	<meta property="og:image:height" content="321" />
	<meta property="og:image:type" content="image/jpeg" />
<meta name="twitter:card" content="summary_large_image" />
<meta name="twitter:label1" content="Durée de lecture estimée" />
	<meta name="twitter:data1" content="1 minute" />
<script type="application/ld+json" class="yoast-schema-graph">{"@context":"https:\/\/schema.org","@graph":[{"@type":"WebPage","@id":"https:\/\/www.stem.it\/fr\/event\/congres-national-des-sapeurs-pompiers-2021\/","url":"https:\/\/www.stem.it\/fr\/event\/congres-national-des-sapeurs-pompiers-2021\/","name":"Congrès National des Sapeurs Pompiers 2021 - Stem Ems","isPartOf":{"@id":"https:\/\/www.stem.it\/fr\/#website"},"primaryImageOfPage":{"@id":"https:\/\/www.stem.it\/fr\/event\/congres-national-des-sapeurs-pompiers-2021\/#primaryimage"},"image":{"@id":"https:\/\/www.stem.it\/fr\/event\/congres-national-des-sapeurs-pompiers-2021\/#primaryimage"},"thumbnailUrl":"https:\/\/www.stem.it\/wp-content\/uploads\/2021\/01\/CNSP-2021-845x321-1.jpg","datePublished":"2021-02-16T07:48:42+00:00","dateModified":"2021-09-16T10:25:27+00:00","breadcrumb":{"@id":"https:\/\/www.stem.it\/fr\/event\/congres-national-des-sapeurs-pompiers-2021\/#breadcrumb"},"inLanguage":"fr-FR","potentialAction":[{"@type":"ReadAction","target":["https:\/\/www.stem.it\/fr\/event\/congres-national-des-sapeurs-pompiers-2021\/"]}]},{"@type":"ImageObject","inLanguage":"fr-FR","@id":"https:\/\/www.stem.it\/fr\/event\/congres-national-des-sapeurs-pompiers-2021\/#primaryimage","url":"https:\/\/www.stem.it\/wp-content\/uploads\/2021\/01\/CNSP-2021-845x321-1.jpg","contentUrl":"https:\/\/www.stem.it\/wp-content\/uploads\/2021\/01\/CNSP-2021-845x321-1.jpg","width":845,"height":321},{"@type":"BreadcrumbList","@id":"https:\/\/www.stem.it\/fr\/event\/congres-national-des-sapeurs-pompiers-2021\/#breadcrumb","itemListElement":[{"@type":"ListItem","position":1,"name":"Home","item":"https:\/\/www.stem.it\/fr\/"},{"@type":"ListItem","position":2,"name":"Évènements","item":"https:\/\/www.stem.it\/fr\/events\/"},{"@type":"ListItem","position":3,"name":"Congrès National des Sapeurs Pompiers 2021"}]},{"@type":"WebSite","@id":"https:\/\/www.stem.it\/fr\/#website","url":"https:\/\/www.stem.it\/fr\/","name":"Stem Ems","description":"Prodotti di alta qualità per lavoro ed emergenza","potentialAction":[{"@type":"SearchAction","target":{"@type":"EntryPoint","urlTemplate":"https:\/\/www.stem.it\/fr\/?s={search_term_string}"},"query-input":{"@type":"PropertyValueSpecification","valueRequired":true,"valueName":"search_term_string"}}],"inLanguage":"fr-FR"}]}</script>
<!-- / Yoast SEO plugin. -->

Congrès National des Sapeurs Pompiers 2021 - Stem Ems

Le congrès national des sapeurs-pompiers de France réunit chaque année presque 3.500 adhérents, 400 exposants et attire plus de 50.000 visiteurs sur 4 jours. Il s’agit de l’événement le plus [&hellip;]

Évènements

Prodotti di alta qualità per lavoro ed emergenza
