{"id":39033,"date":"2024-01-09T09:41:40","date_gmt":"2024-01-09T08:41:40","guid":{"rendered":"https:\/\/www.stem.it\/?post_type=tribe_events&#038;p=39033"},"modified":"2024-04-15T13:22:52","modified_gmt":"2024-04-15T11:22:52","slug":"rettmobil-2024","status":"publish","type":"tribe_events","link":"https:\/\/www.stem.it\/es\/event\/rettmobil-2024\/","title":{"rendered":"RETTmobil 2024"},"content":{"rendered":"<p><a href=\"https:\/\/www.rettmobil-international.com\/en\/start-page\/\">RETTmobil<\/a> es la principal feria europea de rescate y movilidad. Ahora en su vig\u00e9sima segunda edici\u00f3n, es un lugar de encuentro \u00fanico para todos los rescatadores y una muestra de excelencia en el sector de la seguridad. La internacionalidad es una prioridad, como lo demuestran los 545 expositores. Fulda demuestra una vez m\u00e1s ser un punto de referencia para toda la industria de rescate y seguridad.<br \/>\nStand 604 &#8211; Pad 6<\/p>\n","protected":false},"excerpt":{"rendered":"<p>RETTmobil es la principal feria europea de rescate y movilidad. Ahora en su vig\u00e9sima segunda edici\u00f3n, es un lugar de encuentro \u00fanico para todos los rescatadores y una muestra de [&hellip;]<\/p>\n","protected":false},"author":4,"featured_media":39041,"template":"","meta":{"_tribe_events_status":"","_tribe_events_status_reason":"","footnotes":""},"tags":[],"tribe_events_cat":[],"class_list":["post-39033","tribe_events","type-tribe_events","status-publish","has-post-thumbnail","hentry"],"yoast_head":"<!-- This site is optimized with the Yoast SEO plugin v27.4 - https:\/\/yoast.com\/product\/yoast-seo-wordpress\/ -->\n<title>RETTmobil 2024 - Stem Ems<\/title>\n<meta name=\"description\" content=\"RETTmobil es la principal feria europea de rescate y movilidad.\" \/>\n<meta name=\"robots\" content=\"index, follow, max-snippet:-1, max-image-preview:large, max-video-preview:-1\" \/>\n<link rel=\"canonical\" href=\"https:\/\/www.stem.it\/es\/event\/rettmobil-2024\/\" \/>\n<meta property=\"og:locale\" content=\"es_ES\" \/>\n<meta property=\"og:type\" content=\"article\" \/>\n<meta property=\"og:title\" content=\"RETTmobil 2024 - Stem Ems\" \/>\n<meta property=\"og:description\" content=\"RETTmobil es la principal feria europea de rescate y movilidad.\" \/>\n<meta property=\"og:url\" content=\"https:\/\/www.stem.it\/es\/event\/rettmobil-2024\/\" \/>\n<meta property=\"og:site_name\" content=\"Stem Ems\" \/>\n<meta property=\"article:publisher\" content=\"https:\/\/www.facebook.com\/stememsemergencymedicalsystems\/\" \/>\n<meta property=\"article:modified_time\" content=\"2024-04-15T11:22:52+00:00\" \/>\n<meta property=\"og:image\" content=\"https:\/\/www.stem.it\/wp-content\/uploads\/2024\/01\/RETTmobil-2024-845x321-1.jpg\" \/>\n\t<meta property=\"og:image:width\" content=\"845\" \/>\n\t<meta property=\"og:image:height\" content=\"321\" \/>\n\t<meta property=\"og:image:type\" content=\"image\/jpeg\" \/>\n<meta name=\"twitter:card\" content=\"summary_large_image\" \/>\n<meta name=\"twitter:label1\" content=\"Tiempo de lectura\" \/>\n\t<meta name=\"twitter:data1\" content=\"1 minuto\" \/>\n<script type=\"application\/ld+json\" class=\"yoast-schema-graph\">{\"@context\":\"https:\\\/\\\/schema.org\",\"@graph\":[{\"@type\":\"WebPage\",\"@id\":\"https:\\\/\\\/www.stem.it\\\/es\\\/event\\\/rettmobil-2024\\\/\",\"url\":\"https:\\\/\\\/www.stem.it\\\/es\\\/event\\\/rettmobil-2024\\\/\",\"name\":\"RETTmobil 2024 - Stem Ems\",\"isPartOf\":{\"@id\":\"https:\\\/\\\/www.stem.it\\\/es\\\/#website\"},\"primaryImageOfPage\":{\"@id\":\"https:\\\/\\\/www.stem.it\\\/es\\\/event\\\/rettmobil-2024\\\/#primaryimage\"},\"image\":{\"@id\":\"https:\\\/\\\/www.stem.it\\\/es\\\/event\\\/rettmobil-2024\\\/#primaryimage\"},\"thumbnailUrl\":\"https:\\\/\\\/www.stem.it\\\/wp-content\\\/uploads\\\/2024\\\/01\\\/RETTmobil-2024-845x321-1.jpg\",\"datePublished\":\"2024-01-09T08:41:40+00:00\",\"dateModified\":\"2024-04-15T11:22:52+00:00\",\"description\":\"RETTmobil es la principal feria europea de rescate y movilidad.\",\"breadcrumb\":{\"@id\":\"https:\\\/\\\/www.stem.it\\\/es\\\/event\\\/rettmobil-2024\\\/#breadcrumb\"},\"inLanguage\":\"es\",\"potentialAction\":[{\"@type\":\"ReadAction\",\"target\":[\"https:\\\/\\\/www.stem.it\\\/es\\\/event\\\/rettmobil-2024\\\/\"]}]},{\"@type\":\"ImageObject\",\"inLanguage\":\"es\",\"@id\":\"https:\\\/\\\/www.stem.it\\\/es\\\/event\\\/rettmobil-2024\\\/#primaryimage\",\"url\":\"https:\\\/\\\/www.stem.it\\\/wp-content\\\/uploads\\\/2024\\\/01\\\/RETTmobil-2024-845x321-1.jpg\",\"contentUrl\":\"https:\\\/\\\/www.stem.it\\\/wp-content\\\/uploads\\\/2024\\\/01\\\/RETTmobil-2024-845x321-1.jpg\",\"width\":845,\"height\":321},{\"@type\":\"BreadcrumbList\",\"@id\":\"https:\\\/\\\/www.stem.it\\\/es\\\/event\\\/rettmobil-2024\\\/#breadcrumb\",\"itemListElement\":[{\"@type\":\"ListItem\",\"position\":1,\"name\":\"Home\",\"item\":\"https:\\\/\\\/www.stem.it\\\/es\\\/\"},{\"@type\":\"ListItem\",\"position\":2,\"name\":\"Eventos\",\"item\":\"https:\\\/\\\/www.stem.it\\\/es\\\/events\\\/\"},{\"@type\":\"ListItem\",\"position\":3,\"name\":\"RETTmobil 2024\"}]},{\"@type\":\"WebSite\",\"@id\":\"https:\\\/\\\/www.stem.it\\\/es\\\/#website\",\"url\":\"https:\\\/\\\/www.stem.it\\\/es\\\/\",\"name\":\"Stem Ems\",\"description\":\"Prodotti di alta qualit\u00e0 per lavoro ed emergenza\",\"potentialAction\":[{\"@type\":\"SearchAction\",\"target\":{\"@type\":\"EntryPoint\",\"urlTemplate\":\"https:\\\/\\\/www.stem.it\\\/es\\\/?s={search_term_string}\"},\"query-input\":{\"@type\":\"PropertyValueSpecification\",\"valueRequired\":true,\"valueName\":\"search_term_string\"}}],\"inLanguage\":\"es\"}]}<\/script>\n<!-- \/ Yoast SEO plugin. -->","yoast_head_json":{"title":"RETTmobil 2024 - Stem Ems","description":"RETTmobil es la principal feria europea de rescate y movilidad.","robots":{"index":"index","follow":"follow","max-snippet":"max-snippet:-1","max-image-preview":"max-image-preview:large","max-video-preview":"max-video-preview:-1"},"canonical":"https:\/\/www.stem.it\/es\/event\/rettmobil-2024\/","og_locale":"es_ES","og_type":"article","og_title":"RETTmobil 2024 - Stem Ems","og_description":"RETTmobil es la principal feria europea de rescate y movilidad.","og_url":"https:\/\/www.stem.it\/es\/event\/rettmobil-2024\/","og_site_name":"Stem Ems","article_publisher":"https:\/\/www.facebook.com\/stememsemergencymedicalsystems\/","article_modified_time":"2024-04-15T11:22:52+00:00","og_image":[{"width":845,"height":321,"url":"https:\/\/www.stem.it\/wp-content\/uploads\/2024\/01\/RETTmobil-2024-845x321-1.jpg","type":"image\/jpeg"}],"twitter_card":"summary_large_image","twitter_misc":{"Tiempo de lectura":"1 minuto"},"schema":{"@context":"https:\/\/schema.org","@graph":[{"@type":"WebPage","@id":"https:\/\/www.stem.it\/es\/event\/rettmobil-2024\/","url":"https:\/\/www.stem.it\/es\/event\/rettmobil-2024\/","name":"RETTmobil 2024 - Stem Ems","isPartOf":{"@id":"https:\/\/www.stem.it\/es\/#website"},"primaryImageOfPage":{"@id":"https:\/\/www.stem.it\/es\/event\/rettmobil-2024\/#primaryimage"},"image":{"@id":"https:\/\/www.stem.it\/es\/event\/rettmobil-2024\/#primaryimage"},"thumbnailUrl":"https:\/\/www.stem.it\/wp-content\/uploads\/2024\/01\/RETTmobil-2024-845x321-1.jpg","datePublished":"2024-01-09T08:41:40+00:00","dateModified":"2024-04-15T11:22:52+00:00","description":"RETTmobil es la principal feria europea de rescate y movilidad.","breadcrumb":{"@id":"https:\/\/www.stem.it\/es\/event\/rettmobil-2024\/#breadcrumb"},"inLanguage":"es","potentialAction":[{"@type":"ReadAction","target":["https:\/\/www.stem.it\/es\/event\/rettmobil-2024\/"]}]},{"@type":"ImageObject","inLanguage":"es","@id":"https:\/\/www.stem.it\/es\/event\/rettmobil-2024\/#primaryimage","url":"https:\/\/www.stem.it\/wp-content\/uploads\/2024\/01\/RETTmobil-2024-845x321-1.jpg","contentUrl":"https:\/\/www.stem.it\/wp-content\/uploads\/2024\/01\/RETTmobil-2024-845x321-1.jpg","width":845,"height":321},{"@type":"BreadcrumbList","@id":"https:\/\/www.stem.it\/es\/event\/rettmobil-2024\/#breadcrumb","itemListElement":[{"@type":"ListItem","position":1,"name":"Home","item":"https:\/\/www.stem.it\/es\/"},{"@type":"ListItem","position":2,"name":"Eventos","item":"https:\/\/www.stem.it\/es\/events\/"},{"@type":"ListItem","position":3,"name":"RETTmobil 2024"}]},{"@type":"WebSite","@id":"https:\/\/www.stem.it\/es\/#website","url":"https:\/\/www.stem.it\/es\/","name":"Stem Ems","description":"Prodotti di alta qualit\u00e0 per lavoro ed emergenza","potentialAction":[{"@type":"SearchAction","target":{"@type":"EntryPoint","urlTemplate":"https:\/\/www.stem.it\/es\/?s={search_term_string}"},"query-input":{"@type":"PropertyValueSpecification","valueRequired":true,"valueName":"search_term_string"}}],"inLanguage":"es"}]}},"_links":{"self":[{"href":"https:\/\/www.stem.it\/es\/wp-json\/wp\/v2\/tribe_events\/39033","targetHints":{"allow":["GET"]}}],"collection":[{"href":"https:\/\/www.stem.it\/es\/wp-json\/wp\/v2\/tribe_events"}],"about":[{"href":"https:\/\/www.stem.it\/es\/wp-json\/wp\/v2\/types\/tribe_events"}],"author":[{"embeddable":true,"href":"https:\/\/www.stem.it\/es\/wp-json\/wp\/v2\/users\/4"}],"version-history":[{"count":3,"href":"https:\/\/www.stem.it\/es\/wp-json\/wp\/v2\/tribe_events\/39033\/revisions"}],"predecessor-version":[{"id":40124,"href":"https:\/\/www.stem.it\/es\/wp-json\/wp\/v2\/tribe_events\/39033\/revisions\/40124"}],"wp:featuredmedia":[{"embeddable":true,"href":"https:\/\/www.stem.it\/es\/wp-json\/wp\/v2\/media\/39041"}],"wp:attachment":[{"href":"https:\/\/www.stem.it\/es\/wp-json\/wp\/v2\/media?parent=39033"}],"wp:term":[{"taxonomy":"post_tag","embeddable":true,"href":"https:\/\/www.stem.it\/es\/wp-json\/wp\/v2\/tags?post=39033"},{"taxonomy":"tribe_events_cat","embeddable":true,"href":"https:\/\/www.stem.it\/es\/wp-json\/wp\/v2\/tribe_events_cat?post=39033"}],"curies":[{"name":"wp","href":"https:\/\/api.w.org\/{rel}","templated":true}]}}

<p><a href="https://www.rettmobil-international.com/en/start-page/">RETTmobil</a> es la principal feria europea de rescate y movilidad. Ahora en su vigésima segunda edición, es un lugar de encuentro único para todos los rescatadores y una muestra de excelencia en el sector de la seguridad. La internacionalidad es una prioridad, como lo demuestran los 545 expositores. Fulda demuestra una vez más ser un punto de referencia para toda la industria de rescate y seguridad.<br />
Stand 604 &#8211; Pad 6</p>

<p>RETTmobil es la principal feria europea de rescate y movilidad. Ahora en su vigésima segunda edición, es un lugar de encuentro único para todos los rescatadores y una muestra de [&hellip;]</p>

<!-- This site is optimized with the Yoast SEO plugin v27.4 - https://yoast.com/product/yoast-seo-wordpress/ -->
<title>RETTmobil 2024 - Stem Ems</title>
<meta name="description" content="RETTmobil es la principal feria europea de rescate y movilidad." />
<meta name="robots" content="index, follow, max-snippet:-1, max-image-preview:large, max-video-preview:-1" />
<link rel="canonical" href="https://www.stem.it/es/event/rettmobil-2024/" />
<meta property="og:locale" content="es_ES" />
<meta property="og:type" content="article" />
<meta property="og:title" content="RETTmobil 2024 - Stem Ems" />
<meta property="og:description" content="RETTmobil es la principal feria europea de rescate y movilidad." />
<meta property="og:url" content="https://www.stem.it/es/event/rettmobil-2024/" />
<meta property="og:site_name" content="Stem Ems" />
<meta property="article:publisher" content="https://www.facebook.com/stememsemergencymedicalsystems/" />
<meta property="article:modified_time" content="2024-04-15T11:22:52+00:00" />
<meta property="og:image" content="https://www.stem.it/wp-content/uploads/2024/01/RETTmobil-2024-845x321-1.jpg" />
	<meta property="og:image:width" content="845" />
	<meta property="og:image:height" content="321" />
	<meta property="og:image:type" content="image/jpeg" />
<meta name="twitter:card" content="summary_large_image" />
<meta name="twitter:label1" content="Tiempo de lectura" />
	<meta name="twitter:data1" content="1 minuto" />
<script type="application/ld+json" class="yoast-schema-graph">{"@context":"https:\/\/schema.org","@graph":[{"@type":"WebPage","@id":"https:\/\/www.stem.it\/es\/event\/rettmobil-2024\/","url":"https:\/\/www.stem.it\/es\/event\/rettmobil-2024\/","name":"RETTmobil 2024 - Stem Ems","isPartOf":{"@id":"https:\/\/www.stem.it\/es\/#website"},"primaryImageOfPage":{"@id":"https:\/\/www.stem.it\/es\/event\/rettmobil-2024\/#primaryimage"},"image":{"@id":"https:\/\/www.stem.it\/es\/event\/rettmobil-2024\/#primaryimage"},"thumbnailUrl":"https:\/\/www.stem.it\/wp-content\/uploads\/2024\/01\/RETTmobil-2024-845x321-1.jpg","datePublished":"2024-01-09T08:41:40+00:00","dateModified":"2024-04-15T11:22:52+00:00","description":"RETTmobil es la principal feria europea de rescate y movilidad.","breadcrumb":{"@id":"https:\/\/www.stem.it\/es\/event\/rettmobil-2024\/#breadcrumb"},"inLanguage":"es","potentialAction":[{"@type":"ReadAction","target":["https:\/\/www.stem.it\/es\/event\/rettmobil-2024\/"]}]},{"@type":"ImageObject","inLanguage":"es","@id":"https:\/\/www.stem.it\/es\/event\/rettmobil-2024\/#primaryimage","url":"https:\/\/www.stem.it\/wp-content\/uploads\/2024\/01\/RETTmobil-2024-845x321-1.jpg","contentUrl":"https:\/\/www.stem.it\/wp-content\/uploads\/2024\/01\/RETTmobil-2024-845x321-1.jpg","width":845,"height":321},{"@type":"BreadcrumbList","@id":"https:\/\/www.stem.it\/es\/event\/rettmobil-2024\/#breadcrumb","itemListElement":[{"@type":"ListItem","position":1,"name":"Home","item":"https:\/\/www.stem.it\/es\/"},{"@type":"ListItem","position":2,"name":"Eventos","item":"https:\/\/www.stem.it\/es\/events\/"},{"@type":"ListItem","position":3,"name":"RETTmobil 2024"}]},{"@type":"WebSite","@id":"https:\/\/www.stem.it\/es\/#website","url":"https:\/\/www.stem.it\/es\/","name":"Stem Ems","description":"Prodotti di alta qualità per lavoro ed emergenza","potentialAction":[{"@type":"SearchAction","target":{"@type":"EntryPoint","urlTemplate":"https:\/\/www.stem.it\/es\/?s={search_term_string}"},"query-input":{"@type":"PropertyValueSpecification","valueRequired":true,"valueName":"search_term_string"}}],"inLanguage":"es"}]}</script>
<!-- / Yoast SEO plugin. -->

Prodotti di alta qualità per lavoro ed emergenza
