{"id":51581,"date":"2026-01-23T13:13:26","date_gmt":"2026-01-23T12:13:26","guid":{"rendered":"https:\/\/www.stem.it\/?post_type=tribe_events&#038;p=51581"},"modified":"2026-01-23T13:13:35","modified_gmt":"2026-01-23T12:13:35","slug":"rettmobil-2026","status":"publish","type":"tribe_events","link":"https:\/\/www.stem.it\/de\/event\/rettmobil-2026\/","title":{"rendered":"RETTmobil 2026"},"content":{"rendered":"<p><a href=\"https:\/\/www.rettmobil-international.com\/en\/about-us\/numbers-data-facts\/\">RETTmobil<\/a> ist die wichtigste europ\u00e4ische Leitmesse f\u00fcr Rettung und Mobilit\u00e4t. In seiner zweiundzwanzigsten Ausgabe ist es ein einzigartiger Treffpunkt f\u00fcr alle Lebensretter und ein Schaufenster f\u00fcr Exzellenzzentren im Bereich der Sicherheit. Internationalit\u00e4t hat oberste Priorit\u00e4t, wie die 545 Aussteller belegen. Fulda erweist sich erneut als Bezugspunkt f\u00fcr die gesamte Rettungs- und Sicherheitsbranche.<\/p>\n","protected":false},"excerpt":{"rendered":"<p>RETTmobil ist die wichtigste europ\u00e4ische Leitmesse f\u00fcr Rettung und Mobilit\u00e4t. In seiner zweiundzwanzigsten Ausgabe ist es ein einzigartiger Treffpunkt f\u00fcr alle Lebensretter und ein Schaufenster f\u00fcr Exzellenzzentren im Bereich der [&hellip;]<\/p>\n","protected":false},"author":4,"featured_media":51576,"template":"","meta":{"_tribe_events_status":"","_tribe_events_status_reason":"","footnotes":""},"tags":[],"tribe_events_cat":[],"class_list":["post-51581","tribe_events","type-tribe_events","status-publish","has-post-thumbnail","hentry"],"yoast_head":"<!-- This site is optimized with the Yoast SEO plugin v27.4 - https:\/\/yoast.com\/product\/yoast-seo-wordpress\/ -->\n<title>RETTmobil 2026 - Stem Ems<\/title>\n<meta name=\"description\" content=\"RETTmobil ist die wichtigste europ\u00e4ische Leitmesse f\u00fcr Rettung und Mobilit\u00e4t\" \/>\n<meta name=\"robots\" content=\"index, follow, max-snippet:-1, max-image-preview:large, max-video-preview:-1\" \/>\n<link rel=\"canonical\" href=\"https:\/\/www.stem.it\/de\/event\/rettmobil-2026\/\" \/>\n<meta property=\"og:locale\" content=\"de_DE\" \/>\n<meta property=\"og:type\" content=\"article\" \/>\n<meta property=\"og:title\" content=\"RETTmobil 2026 - Stem Ems\" \/>\n<meta property=\"og:description\" content=\"RETTmobil ist die wichtigste europ\u00e4ische Leitmesse f\u00fcr Rettung und Mobilit\u00e4t\" \/>\n<meta property=\"og:url\" content=\"https:\/\/www.stem.it\/de\/event\/rettmobil-2026\/\" \/>\n<meta property=\"og:site_name\" content=\"Stem Ems\" \/>\n<meta property=\"article:publisher\" content=\"https:\/\/www.facebook.com\/stememsemergencymedicalsystems\/\" \/>\n<meta property=\"article:modified_time\" content=\"2026-01-23T12:13:35+00:00\" \/>\n<meta property=\"og:image\" content=\"https:\/\/www.stem.it\/wp-content\/uploads\/2026\/01\/RETTmobil-2026-845x321-1.jpg\" \/>\n\t<meta property=\"og:image:width\" content=\"845\" \/>\n\t<meta property=\"og:image:height\" content=\"321\" \/>\n\t<meta property=\"og:image:type\" content=\"image\/jpeg\" \/>\n<meta name=\"twitter:card\" content=\"summary_large_image\" \/>\n<script type=\"application\/ld+json\" class=\"yoast-schema-graph\">{\"@context\":\"https:\\\/\\\/schema.org\",\"@graph\":[{\"@type\":\"WebPage\",\"@id\":\"https:\\\/\\\/www.stem.it\\\/de\\\/event\\\/rettmobil-2026\\\/\",\"url\":\"https:\\\/\\\/www.stem.it\\\/de\\\/event\\\/rettmobil-2026\\\/\",\"name\":\"RETTmobil 2026 - Stem Ems\",\"isPartOf\":{\"@id\":\"https:\\\/\\\/www.stem.it\\\/de\\\/#website\"},\"primaryImageOfPage\":{\"@id\":\"https:\\\/\\\/www.stem.it\\\/de\\\/event\\\/rettmobil-2026\\\/#primaryimage\"},\"image\":{\"@id\":\"https:\\\/\\\/www.stem.it\\\/de\\\/event\\\/rettmobil-2026\\\/#primaryimage\"},\"thumbnailUrl\":\"https:\\\/\\\/www.stem.it\\\/wp-content\\\/uploads\\\/2026\\\/01\\\/RETTmobil-2026-845x321-1.jpg\",\"datePublished\":\"2026-01-23T12:13:26+00:00\",\"dateModified\":\"2026-01-23T12:13:35+00:00\",\"description\":\"RETTmobil ist die wichtigste europ\u00e4ische Leitmesse f\u00fcr Rettung und Mobilit\u00e4t\",\"breadcrumb\":{\"@id\":\"https:\\\/\\\/www.stem.it\\\/de\\\/event\\\/rettmobil-2026\\\/#breadcrumb\"},\"inLanguage\":\"de\",\"potentialAction\":[{\"@type\":\"ReadAction\",\"target\":[\"https:\\\/\\\/www.stem.it\\\/de\\\/event\\\/rettmobil-2026\\\/\"]}]},{\"@type\":\"ImageObject\",\"inLanguage\":\"de\",\"@id\":\"https:\\\/\\\/www.stem.it\\\/de\\\/event\\\/rettmobil-2026\\\/#primaryimage\",\"url\":\"https:\\\/\\\/www.stem.it\\\/wp-content\\\/uploads\\\/2026\\\/01\\\/RETTmobil-2026-845x321-1.jpg\",\"contentUrl\":\"https:\\\/\\\/www.stem.it\\\/wp-content\\\/uploads\\\/2026\\\/01\\\/RETTmobil-2026-845x321-1.jpg\",\"width\":845,\"height\":321},{\"@type\":\"BreadcrumbList\",\"@id\":\"https:\\\/\\\/www.stem.it\\\/de\\\/event\\\/rettmobil-2026\\\/#breadcrumb\",\"itemListElement\":[{\"@type\":\"ListItem\",\"position\":1,\"name\":\"Home\",\"item\":\"https:\\\/\\\/www.stem.it\\\/de\\\/\"},{\"@type\":\"ListItem\",\"position\":2,\"name\":\"Veranstaltungen\",\"item\":\"https:\\\/\\\/www.stem.it\\\/de\\\/events\\\/\"},{\"@type\":\"ListItem\",\"position\":3,\"name\":\"RETTmobil 2026\"}]},{\"@type\":\"WebSite\",\"@id\":\"https:\\\/\\\/www.stem.it\\\/de\\\/#website\",\"url\":\"https:\\\/\\\/www.stem.it\\\/de\\\/\",\"name\":\"Stem Ems\",\"description\":\"Prodotti di alta qualit\u00e0 per lavoro ed emergenza\",\"potentialAction\":[{\"@type\":\"SearchAction\",\"target\":{\"@type\":\"EntryPoint\",\"urlTemplate\":\"https:\\\/\\\/www.stem.it\\\/de\\\/?s={search_term_string}\"},\"query-input\":{\"@type\":\"PropertyValueSpecification\",\"valueRequired\":true,\"valueName\":\"search_term_string\"}}],\"inLanguage\":\"de\"}]}<\/script>\n<!-- \/ Yoast SEO plugin. -->","yoast_head_json":{"title":"RETTmobil 2026 - Stem Ems","description":"RETTmobil ist die wichtigste europ\u00e4ische Leitmesse f\u00fcr Rettung und Mobilit\u00e4t","robots":{"index":"index","follow":"follow","max-snippet":"max-snippet:-1","max-image-preview":"max-image-preview:large","max-video-preview":"max-video-preview:-1"},"canonical":"https:\/\/www.stem.it\/de\/event\/rettmobil-2026\/","og_locale":"de_DE","og_type":"article","og_title":"RETTmobil 2026 - Stem Ems","og_description":"RETTmobil ist die wichtigste europ\u00e4ische Leitmesse f\u00fcr Rettung und Mobilit\u00e4t","og_url":"https:\/\/www.stem.it\/de\/event\/rettmobil-2026\/","og_site_name":"Stem Ems","article_publisher":"https:\/\/www.facebook.com\/stememsemergencymedicalsystems\/","article_modified_time":"2026-01-23T12:13:35+00:00","og_image":[{"width":845,"height":321,"url":"https:\/\/www.stem.it\/wp-content\/uploads\/2026\/01\/RETTmobil-2026-845x321-1.jpg","type":"image\/jpeg"}],"twitter_card":"summary_large_image","schema":{"@context":"https:\/\/schema.org","@graph":[{"@type":"WebPage","@id":"https:\/\/www.stem.it\/de\/event\/rettmobil-2026\/","url":"https:\/\/www.stem.it\/de\/event\/rettmobil-2026\/","name":"RETTmobil 2026 - Stem Ems","isPartOf":{"@id":"https:\/\/www.stem.it\/de\/#website"},"primaryImageOfPage":{"@id":"https:\/\/www.stem.it\/de\/event\/rettmobil-2026\/#primaryimage"},"image":{"@id":"https:\/\/www.stem.it\/de\/event\/rettmobil-2026\/#primaryimage"},"thumbnailUrl":"https:\/\/www.stem.it\/wp-content\/uploads\/2026\/01\/RETTmobil-2026-845x321-1.jpg","datePublished":"2026-01-23T12:13:26+00:00","dateModified":"2026-01-23T12:13:35+00:00","description":"RETTmobil ist die wichtigste europ\u00e4ische Leitmesse f\u00fcr Rettung und Mobilit\u00e4t","breadcrumb":{"@id":"https:\/\/www.stem.it\/de\/event\/rettmobil-2026\/#breadcrumb"},"inLanguage":"de","potentialAction":[{"@type":"ReadAction","target":["https:\/\/www.stem.it\/de\/event\/rettmobil-2026\/"]}]},{"@type":"ImageObject","inLanguage":"de","@id":"https:\/\/www.stem.it\/de\/event\/rettmobil-2026\/#primaryimage","url":"https:\/\/www.stem.it\/wp-content\/uploads\/2026\/01\/RETTmobil-2026-845x321-1.jpg","contentUrl":"https:\/\/www.stem.it\/wp-content\/uploads\/2026\/01\/RETTmobil-2026-845x321-1.jpg","width":845,"height":321},{"@type":"BreadcrumbList","@id":"https:\/\/www.stem.it\/de\/event\/rettmobil-2026\/#breadcrumb","itemListElement":[{"@type":"ListItem","position":1,"name":"Home","item":"https:\/\/www.stem.it\/de\/"},{"@type":"ListItem","position":2,"name":"Veranstaltungen","item":"https:\/\/www.stem.it\/de\/events\/"},{"@type":"ListItem","position":3,"name":"RETTmobil 2026"}]},{"@type":"WebSite","@id":"https:\/\/www.stem.it\/de\/#website","url":"https:\/\/www.stem.it\/de\/","name":"Stem Ems","description":"Prodotti di alta qualit\u00e0 per lavoro ed emergenza","potentialAction":[{"@type":"SearchAction","target":{"@type":"EntryPoint","urlTemplate":"https:\/\/www.stem.it\/de\/?s={search_term_string}"},"query-input":{"@type":"PropertyValueSpecification","valueRequired":true,"valueName":"search_term_string"}}],"inLanguage":"de"}]}},"_links":{"self":[{"href":"https:\/\/www.stem.it\/de\/wp-json\/wp\/v2\/tribe_events\/51581","targetHints":{"allow":["GET"]}}],"collection":[{"href":"https:\/\/www.stem.it\/de\/wp-json\/wp\/v2\/tribe_events"}],"about":[{"href":"https:\/\/www.stem.it\/de\/wp-json\/wp\/v2\/types\/tribe_events"}],"author":[{"embeddable":true,"href":"https:\/\/www.stem.it\/de\/wp-json\/wp\/v2\/users\/4"}],"version-history":[{"count":2,"href":"https:\/\/www.stem.it\/de\/wp-json\/wp\/v2\/tribe_events\/51581\/revisions"}],"predecessor-version":[{"id":51595,"href":"https:\/\/www.stem.it\/de\/wp-json\/wp\/v2\/tribe_events\/51581\/revisions\/51595"}],"wp:featuredmedia":[{"embeddable":true,"href":"https:\/\/www.stem.it\/de\/wp-json\/wp\/v2\/media\/51576"}],"wp:attachment":[{"href":"https:\/\/www.stem.it\/de\/wp-json\/wp\/v2\/media?parent=51581"}],"wp:term":[{"taxonomy":"post_tag","embeddable":true,"href":"https:\/\/www.stem.it\/de\/wp-json\/wp\/v2\/tags?post=51581"},{"taxonomy":"tribe_events_cat","embeddable":true,"href":"https:\/\/www.stem.it\/de\/wp-json\/wp\/v2\/tribe_events_cat?post=51581"}],"curies":[{"name":"wp","href":"https:\/\/api.w.org\/{rel}","templated":true}]}}

<p><a href="https://www.rettmobil-international.com/en/about-us/numbers-data-facts/">RETTmobil</a> ist die wichtigste europäische Leitmesse für Rettung und Mobilität. In seiner zweiundzwanzigsten Ausgabe ist es ein einzigartiger Treffpunkt für alle Lebensretter und ein Schaufenster für Exzellenzzentren im Bereich der Sicherheit. Internationalität hat oberste Priorität, wie die 545 Aussteller belegen. Fulda erweist sich erneut als Bezugspunkt für die gesamte Rettungs- und Sicherheitsbranche.</p>

<p>RETTmobil ist die wichtigste europäische Leitmesse für Rettung und Mobilität. In seiner zweiundzwanzigsten Ausgabe ist es ein einzigartiger Treffpunkt für alle Lebensretter und ein Schaufenster für Exzellenzzentren im Bereich der [&hellip;]</p>

<!-- This site is optimized with the Yoast SEO plugin v27.4 - https://yoast.com/product/yoast-seo-wordpress/ -->
<title>RETTmobil 2026 - Stem Ems</title>
<meta name="description" content="RETTmobil ist die wichtigste europäische Leitmesse für Rettung und Mobilität" />
<meta name="robots" content="index, follow, max-snippet:-1, max-image-preview:large, max-video-preview:-1" />
<link rel="canonical" href="https://www.stem.it/de/event/rettmobil-2026/" />
<meta property="og:locale" content="de_DE" />
<meta property="og:type" content="article" />
<meta property="og:title" content="RETTmobil 2026 - Stem Ems" />
<meta property="og:description" content="RETTmobil ist die wichtigste europäische Leitmesse für Rettung und Mobilität" />
<meta property="og:url" content="https://www.stem.it/de/event/rettmobil-2026/" />
<meta property="og:site_name" content="Stem Ems" />
<meta property="article:publisher" content="https://www.facebook.com/stememsemergencymedicalsystems/" />
<meta property="article:modified_time" content="2026-01-23T12:13:35+00:00" />
<meta property="og:image" content="https://www.stem.it/wp-content/uploads/2026/01/RETTmobil-2026-845x321-1.jpg" />
	<meta property="og:image:width" content="845" />
	<meta property="og:image:height" content="321" />
	<meta property="og:image:type" content="image/jpeg" />
<meta name="twitter:card" content="summary_large_image" />
<script type="application/ld+json" class="yoast-schema-graph">{"@context":"https:\/\/schema.org","@graph":[{"@type":"WebPage","@id":"https:\/\/www.stem.it\/de\/event\/rettmobil-2026\/","url":"https:\/\/www.stem.it\/de\/event\/rettmobil-2026\/","name":"RETTmobil 2026 - Stem Ems","isPartOf":{"@id":"https:\/\/www.stem.it\/de\/#website"},"primaryImageOfPage":{"@id":"https:\/\/www.stem.it\/de\/event\/rettmobil-2026\/#primaryimage"},"image":{"@id":"https:\/\/www.stem.it\/de\/event\/rettmobil-2026\/#primaryimage"},"thumbnailUrl":"https:\/\/www.stem.it\/wp-content\/uploads\/2026\/01\/RETTmobil-2026-845x321-1.jpg","datePublished":"2026-01-23T12:13:26+00:00","dateModified":"2026-01-23T12:13:35+00:00","description":"RETTmobil ist die wichtigste europäische Leitmesse für Rettung und Mobilität","breadcrumb":{"@id":"https:\/\/www.stem.it\/de\/event\/rettmobil-2026\/#breadcrumb"},"inLanguage":"de","potentialAction":[{"@type":"ReadAction","target":["https:\/\/www.stem.it\/de\/event\/rettmobil-2026\/"]}]},{"@type":"ImageObject","inLanguage":"de","@id":"https:\/\/www.stem.it\/de\/event\/rettmobil-2026\/#primaryimage","url":"https:\/\/www.stem.it\/wp-content\/uploads\/2026\/01\/RETTmobil-2026-845x321-1.jpg","contentUrl":"https:\/\/www.stem.it\/wp-content\/uploads\/2026\/01\/RETTmobil-2026-845x321-1.jpg","width":845,"height":321},{"@type":"BreadcrumbList","@id":"https:\/\/www.stem.it\/de\/event\/rettmobil-2026\/#breadcrumb","itemListElement":[{"@type":"ListItem","position":1,"name":"Home","item":"https:\/\/www.stem.it\/de\/"},{"@type":"ListItem","position":2,"name":"Veranstaltungen","item":"https:\/\/www.stem.it\/de\/events\/"},{"@type":"ListItem","position":3,"name":"RETTmobil 2026"}]},{"@type":"WebSite","@id":"https:\/\/www.stem.it\/de\/#website","url":"https:\/\/www.stem.it\/de\/","name":"Stem Ems","description":"Prodotti di alta qualità per lavoro ed emergenza","potentialAction":[{"@type":"SearchAction","target":{"@type":"EntryPoint","urlTemplate":"https:\/\/www.stem.it\/de\/?s={search_term_string}"},"query-input":{"@type":"PropertyValueSpecification","valueRequired":true,"valueName":"search_term_string"}}],"inLanguage":"de"}]}</script>
<!-- / Yoast SEO plugin. -->

RETTmobil ist die wichtigste europäische Leitmesse für Rettung und Mobilität

Prodotti di alta qualità per lavoro ed emergenza
