{"id":33638,"date":"2022-12-12T11:43:19","date_gmt":"2022-12-12T10:43:19","guid":{"rendered":"https:\/\/www.stem.it\/?post_type=tribe_events&#038;p=33638"},"modified":"2023-10-04T12:11:34","modified_gmt":"2023-10-04T10:11:34","slug":"reas-2023","status":"publish","type":"tribe_events","link":"https:\/\/www.stem.it\/de\/event\/reas-2023\/","title":{"rendered":"REAS 2023"},"content":{"rendered":"<p>REAS Internationale Messe f\u00fcr Rettung ist die gr\u00f6\u00dfte Fachmesse Italiens f\u00fcr den Notfall-, Erste-Hilfe- und Brandbek\u00e4mpfungssektor, ein Bezugspunkt f\u00fcr Betreiber, Freiwillige, Unternehmen und Verb\u00e4nde.<\/p>\n<div class=\"o9v6fnle cxmmr5t8 oygrvhab hcukyx3x c1et5uql ii04i59q\">\n<div dir=\"auto\"><strong>Pad 5 &#8211; Stand B7<\/strong><\/div>\n<\/div>\n<div class=\"o9v6fnle cxmmr5t8 oygrvhab hcukyx3x c1et5uql ii04i59q\">\n<div dir=\"auto\"><strong>\u00a0<\/strong><\/div>\n<\/div>\n","protected":false},"excerpt":{"rendered":"<p>REAS Internationale Messe f\u00fcr Rettung ist die gr\u00f6\u00dfte Fachmesse Italiens f\u00fcr den Notfall-, Erste-Hilfe- und Brandbek\u00e4mpfungssektor, ein Bezugspunkt f\u00fcr Betreiber, Freiwillige, Unternehmen und Verb\u00e4nde. Pad 5 &#8211; Stand B7 \u00a0<\/p>\n","protected":false},"author":4,"featured_media":36244,"template":"","meta":{"_tribe_events_status":"","_tribe_events_status_reason":"","footnotes":""},"tags":[],"tribe_events_cat":[],"class_list":["post-33638","tribe_events","type-tribe_events","status-publish","has-post-thumbnail","hentry"],"yoast_head":"<!-- This site is optimized with the Yoast SEO plugin v27.4 - https:\/\/yoast.com\/product\/yoast-seo-wordpress\/ -->\n<title>REAS 2023 - Stem Ems<\/title>\n<meta name=\"robots\" content=\"index, follow, max-snippet:-1, max-image-preview:large, max-video-preview:-1\" \/>\n<link rel=\"canonical\" href=\"https:\/\/www.stem.it\/de\/event\/reas-2023\/\" \/>\n<meta property=\"og:locale\" content=\"de_DE\" \/>\n<meta property=\"og:type\" content=\"article\" \/>\n<meta property=\"og:title\" content=\"REAS 2023 - Stem Ems\" \/>\n<meta property=\"og:description\" content=\"REAS Internationale Messe f\u00fcr Rettung ist die gr\u00f6\u00dfte Fachmesse Italiens f\u00fcr den Notfall-, Erste-Hilfe- und Brandbek\u00e4mpfungssektor, ein Bezugspunkt f\u00fcr Betreiber, Freiwillige, Unternehmen und Verb\u00e4nde. Pad 5 &#8211; Stand B7 \u00a0\" \/>\n<meta property=\"og:url\" content=\"https:\/\/www.stem.it\/de\/event\/reas-2023\/\" \/>\n<meta property=\"og:site_name\" content=\"Stem Ems\" \/>\n<meta property=\"article:publisher\" content=\"https:\/\/www.facebook.com\/stememsemergencymedicalsystems\/\" \/>\n<meta property=\"article:modified_time\" content=\"2023-10-04T10:11:34+00:00\" \/>\n<meta property=\"og:image\" content=\"https:\/\/www.stem.it\/wp-content\/uploads\/2022\/12\/REAS-2023-845x321-2.jpg\" \/>\n\t<meta property=\"og:image:width\" content=\"845\" \/>\n\t<meta property=\"og:image:height\" content=\"321\" \/>\n\t<meta property=\"og:image:type\" content=\"image\/jpeg\" \/>\n<meta name=\"twitter:card\" content=\"summary_large_image\" \/>\n<meta name=\"twitter:label1\" content=\"Gesch\u00e4tzte Lesezeit\" \/>\n\t<meta name=\"twitter:data1\" content=\"1\u00a0Minute\" \/>\n<script type=\"application\/ld+json\" class=\"yoast-schema-graph\">{\"@context\":\"https:\\\/\\\/schema.org\",\"@graph\":[{\"@type\":\"WebPage\",\"@id\":\"https:\\\/\\\/www.stem.it\\\/de\\\/event\\\/reas-2023\\\/\",\"url\":\"https:\\\/\\\/www.stem.it\\\/de\\\/event\\\/reas-2023\\\/\",\"name\":\"REAS 2023 - Stem Ems\",\"isPartOf\":{\"@id\":\"https:\\\/\\\/www.stem.it\\\/de\\\/#website\"},\"primaryImageOfPage\":{\"@id\":\"https:\\\/\\\/www.stem.it\\\/de\\\/event\\\/reas-2023\\\/#primaryimage\"},\"image\":{\"@id\":\"https:\\\/\\\/www.stem.it\\\/de\\\/event\\\/reas-2023\\\/#primaryimage\"},\"thumbnailUrl\":\"https:\\\/\\\/www.stem.it\\\/wp-content\\\/uploads\\\/2022\\\/12\\\/REAS-2023-845x321-2.jpg\",\"datePublished\":\"2022-12-12T10:43:19+00:00\",\"dateModified\":\"2023-10-04T10:11:34+00:00\",\"breadcrumb\":{\"@id\":\"https:\\\/\\\/www.stem.it\\\/de\\\/event\\\/reas-2023\\\/#breadcrumb\"},\"inLanguage\":\"de\",\"potentialAction\":[{\"@type\":\"ReadAction\",\"target\":[\"https:\\\/\\\/www.stem.it\\\/de\\\/event\\\/reas-2023\\\/\"]}]},{\"@type\":\"ImageObject\",\"inLanguage\":\"de\",\"@id\":\"https:\\\/\\\/www.stem.it\\\/de\\\/event\\\/reas-2023\\\/#primaryimage\",\"url\":\"https:\\\/\\\/www.stem.it\\\/wp-content\\\/uploads\\\/2022\\\/12\\\/REAS-2023-845x321-2.jpg\",\"contentUrl\":\"https:\\\/\\\/www.stem.it\\\/wp-content\\\/uploads\\\/2022\\\/12\\\/REAS-2023-845x321-2.jpg\",\"width\":845,\"height\":321},{\"@type\":\"BreadcrumbList\",\"@id\":\"https:\\\/\\\/www.stem.it\\\/de\\\/event\\\/reas-2023\\\/#breadcrumb\",\"itemListElement\":[{\"@type\":\"ListItem\",\"position\":1,\"name\":\"Home\",\"item\":\"https:\\\/\\\/www.stem.it\\\/de\\\/\"},{\"@type\":\"ListItem\",\"position\":2,\"name\":\"Veranstaltungen\",\"item\":\"https:\\\/\\\/www.stem.it\\\/de\\\/events\\\/\"},{\"@type\":\"ListItem\",\"position\":3,\"name\":\"REAS 2023\"}]},{\"@type\":\"WebSite\",\"@id\":\"https:\\\/\\\/www.stem.it\\\/de\\\/#website\",\"url\":\"https:\\\/\\\/www.stem.it\\\/de\\\/\",\"name\":\"Stem Ems\",\"description\":\"Prodotti di alta qualit\u00e0 per lavoro ed emergenza\",\"potentialAction\":[{\"@type\":\"SearchAction\",\"target\":{\"@type\":\"EntryPoint\",\"urlTemplate\":\"https:\\\/\\\/www.stem.it\\\/de\\\/?s={search_term_string}\"},\"query-input\":{\"@type\":\"PropertyValueSpecification\",\"valueRequired\":true,\"valueName\":\"search_term_string\"}}],\"inLanguage\":\"de\"}]}<\/script>\n<!-- \/ Yoast SEO plugin. -->","yoast_head_json":{"title":"REAS 2023 - Stem Ems","robots":{"index":"index","follow":"follow","max-snippet":"max-snippet:-1","max-image-preview":"max-image-preview:large","max-video-preview":"max-video-preview:-1"},"canonical":"https:\/\/www.stem.it\/de\/event\/reas-2023\/","og_locale":"de_DE","og_type":"article","og_title":"REAS 2023 - Stem Ems","og_description":"REAS Internationale Messe f\u00fcr Rettung ist die gr\u00f6\u00dfte Fachmesse Italiens f\u00fcr den Notfall-, Erste-Hilfe- und Brandbek\u00e4mpfungssektor, ein Bezugspunkt f\u00fcr Betreiber, Freiwillige, Unternehmen und Verb\u00e4nde. Pad 5 &#8211; Stand B7 \u00a0","og_url":"https:\/\/www.stem.it\/de\/event\/reas-2023\/","og_site_name":"Stem Ems","article_publisher":"https:\/\/www.facebook.com\/stememsemergencymedicalsystems\/","article_modified_time":"2023-10-04T10:11:34+00:00","og_image":[{"width":845,"height":321,"url":"https:\/\/www.stem.it\/wp-content\/uploads\/2022\/12\/REAS-2023-845x321-2.jpg","type":"image\/jpeg"}],"twitter_card":"summary_large_image","twitter_misc":{"Gesch\u00e4tzte Lesezeit":"1\u00a0Minute"},"schema":{"@context":"https:\/\/schema.org","@graph":[{"@type":"WebPage","@id":"https:\/\/www.stem.it\/de\/event\/reas-2023\/","url":"https:\/\/www.stem.it\/de\/event\/reas-2023\/","name":"REAS 2023 - Stem Ems","isPartOf":{"@id":"https:\/\/www.stem.it\/de\/#website"},"primaryImageOfPage":{"@id":"https:\/\/www.stem.it\/de\/event\/reas-2023\/#primaryimage"},"image":{"@id":"https:\/\/www.stem.it\/de\/event\/reas-2023\/#primaryimage"},"thumbnailUrl":"https:\/\/www.stem.it\/wp-content\/uploads\/2022\/12\/REAS-2023-845x321-2.jpg","datePublished":"2022-12-12T10:43:19+00:00","dateModified":"2023-10-04T10:11:34+00:00","breadcrumb":{"@id":"https:\/\/www.stem.it\/de\/event\/reas-2023\/#breadcrumb"},"inLanguage":"de","potentialAction":[{"@type":"ReadAction","target":["https:\/\/www.stem.it\/de\/event\/reas-2023\/"]}]},{"@type":"ImageObject","inLanguage":"de","@id":"https:\/\/www.stem.it\/de\/event\/reas-2023\/#primaryimage","url":"https:\/\/www.stem.it\/wp-content\/uploads\/2022\/12\/REAS-2023-845x321-2.jpg","contentUrl":"https:\/\/www.stem.it\/wp-content\/uploads\/2022\/12\/REAS-2023-845x321-2.jpg","width":845,"height":321},{"@type":"BreadcrumbList","@id":"https:\/\/www.stem.it\/de\/event\/reas-2023\/#breadcrumb","itemListElement":[{"@type":"ListItem","position":1,"name":"Home","item":"https:\/\/www.stem.it\/de\/"},{"@type":"ListItem","position":2,"name":"Veranstaltungen","item":"https:\/\/www.stem.it\/de\/events\/"},{"@type":"ListItem","position":3,"name":"REAS 2023"}]},{"@type":"WebSite","@id":"https:\/\/www.stem.it\/de\/#website","url":"https:\/\/www.stem.it\/de\/","name":"Stem Ems","description":"Prodotti di alta qualit\u00e0 per lavoro ed emergenza","potentialAction":[{"@type":"SearchAction","target":{"@type":"EntryPoint","urlTemplate":"https:\/\/www.stem.it\/de\/?s={search_term_string}"},"query-input":{"@type":"PropertyValueSpecification","valueRequired":true,"valueName":"search_term_string"}}],"inLanguage":"de"}]}},"_links":{"self":[{"href":"https:\/\/www.stem.it\/de\/wp-json\/wp\/v2\/tribe_events\/33638","targetHints":{"allow":["GET"]}}],"collection":[{"href":"https:\/\/www.stem.it\/de\/wp-json\/wp\/v2\/tribe_events"}],"about":[{"href":"https:\/\/www.stem.it\/de\/wp-json\/wp\/v2\/types\/tribe_events"}],"author":[{"embeddable":true,"href":"https:\/\/www.stem.it\/de\/wp-json\/wp\/v2\/users\/4"}],"version-history":[{"count":3,"href":"https:\/\/www.stem.it\/de\/wp-json\/wp\/v2\/tribe_events\/33638\/revisions"}],"predecessor-version":[{"id":37154,"href":"https:\/\/www.stem.it\/de\/wp-json\/wp\/v2\/tribe_events\/33638\/revisions\/37154"}],"wp:featuredmedia":[{"embeddable":true,"href":"https:\/\/www.stem.it\/de\/wp-json\/wp\/v2\/media\/36244"}],"wp:attachment":[{"href":"https:\/\/www.stem.it\/de\/wp-json\/wp\/v2\/media?parent=33638"}],"wp:term":[{"taxonomy":"post_tag","embeddable":true,"href":"https:\/\/www.stem.it\/de\/wp-json\/wp\/v2\/tags?post=33638"},{"taxonomy":"tribe_events_cat","embeddable":true,"href":"https:\/\/www.stem.it\/de\/wp-json\/wp\/v2\/tribe_events_cat?post=33638"}],"curies":[{"name":"wp","href":"https:\/\/api.w.org\/{rel}","templated":true}]}}

<p>REAS Internationale Messe für Rettung ist die größte Fachmesse Italiens für den Notfall-, Erste-Hilfe- und Brandbekämpfungssektor, ein Bezugspunkt für Betreiber, Freiwillige, Unternehmen und Verbände.</p>
<div class="o9v6fnle cxmmr5t8 oygrvhab hcukyx3x c1et5uql ii04i59q">
<div dir="auto"><strong>Pad 5 &#8211; Stand B7</strong></div>
</div>
<div class="o9v6fnle cxmmr5t8 oygrvhab hcukyx3x c1et5uql ii04i59q">
<div dir="auto"><strong> </strong></div>
</div>

<p>REAS Internationale Messe für Rettung ist die größte Fachmesse Italiens für den Notfall-, Erste-Hilfe- und Brandbekämpfungssektor, ein Bezugspunkt für Betreiber, Freiwillige, Unternehmen und Verbände. Pad 5 &#8211; Stand B7  </p>

<!-- This site is optimized with the Yoast SEO plugin v27.4 - https://yoast.com/product/yoast-seo-wordpress/ -->
<title>REAS 2023 - Stem Ems</title>
<meta name="robots" content="index, follow, max-snippet:-1, max-image-preview:large, max-video-preview:-1" />
<link rel="canonical" href="https://www.stem.it/de/event/reas-2023/" />
<meta property="og:locale" content="de_DE" />
<meta property="og:type" content="article" />
<meta property="og:title" content="REAS 2023 - Stem Ems" />
<meta property="og:description" content="REAS Internationale Messe für Rettung ist die größte Fachmesse Italiens für den Notfall-, Erste-Hilfe- und Brandbekämpfungssektor, ein Bezugspunkt für Betreiber, Freiwillige, Unternehmen und Verbände. Pad 5 &#8211; Stand B7  " />
<meta property="og:url" content="https://www.stem.it/de/event/reas-2023/" />
<meta property="og:site_name" content="Stem Ems" />
<meta property="article:publisher" content="https://www.facebook.com/stememsemergencymedicalsystems/" />
<meta property="article:modified_time" content="2023-10-04T10:11:34+00:00" />
<meta property="og:image" content="https://www.stem.it/wp-content/uploads/2022/12/REAS-2023-845x321-2.jpg" />
	<meta property="og:image:width" content="845" />
	<meta property="og:image:height" content="321" />
	<meta property="og:image:type" content="image/jpeg" />
<meta name="twitter:card" content="summary_large_image" />
<meta name="twitter:label1" content="Geschätzte Lesezeit" />
	<meta name="twitter:data1" content="1 Minute" />
<script type="application/ld+json" class="yoast-schema-graph">{"@context":"https:\/\/schema.org","@graph":[{"@type":"WebPage","@id":"https:\/\/www.stem.it\/de\/event\/reas-2023\/","url":"https:\/\/www.stem.it\/de\/event\/reas-2023\/","name":"REAS 2023 - Stem Ems","isPartOf":{"@id":"https:\/\/www.stem.it\/de\/#website"},"primaryImageOfPage":{"@id":"https:\/\/www.stem.it\/de\/event\/reas-2023\/#primaryimage"},"image":{"@id":"https:\/\/www.stem.it\/de\/event\/reas-2023\/#primaryimage"},"thumbnailUrl":"https:\/\/www.stem.it\/wp-content\/uploads\/2022\/12\/REAS-2023-845x321-2.jpg","datePublished":"2022-12-12T10:43:19+00:00","dateModified":"2023-10-04T10:11:34+00:00","breadcrumb":{"@id":"https:\/\/www.stem.it\/de\/event\/reas-2023\/#breadcrumb"},"inLanguage":"de","potentialAction":[{"@type":"ReadAction","target":["https:\/\/www.stem.it\/de\/event\/reas-2023\/"]}]},{"@type":"ImageObject","inLanguage":"de","@id":"https:\/\/www.stem.it\/de\/event\/reas-2023\/#primaryimage","url":"https:\/\/www.stem.it\/wp-content\/uploads\/2022\/12\/REAS-2023-845x321-2.jpg","contentUrl":"https:\/\/www.stem.it\/wp-content\/uploads\/2022\/12\/REAS-2023-845x321-2.jpg","width":845,"height":321},{"@type":"BreadcrumbList","@id":"https:\/\/www.stem.it\/de\/event\/reas-2023\/#breadcrumb","itemListElement":[{"@type":"ListItem","position":1,"name":"Home","item":"https:\/\/www.stem.it\/de\/"},{"@type":"ListItem","position":2,"name":"Veranstaltungen","item":"https:\/\/www.stem.it\/de\/events\/"},{"@type":"ListItem","position":3,"name":"REAS 2023"}]},{"@type":"WebSite","@id":"https:\/\/www.stem.it\/de\/#website","url":"https:\/\/www.stem.it\/de\/","name":"Stem Ems","description":"Prodotti di alta qualità per lavoro ed emergenza","potentialAction":[{"@type":"SearchAction","target":{"@type":"EntryPoint","urlTemplate":"https:\/\/www.stem.it\/de\/?s={search_term_string}"},"query-input":{"@type":"PropertyValueSpecification","valueRequired":true,"valueName":"search_term_string"}}],"inLanguage":"de"}]}</script>
<!-- / Yoast SEO plugin. -->

REAS Internationale Messe für Rettung ist die größte Fachmesse Italiens für den Notfall-, Erste-Hilfe- und Brandbekämpfungssektor, ein Bezugspunkt für Betreiber, Freiwillige, Unternehmen und Verbände. Pad 5 &#8211; Stand B7

Prodotti di alta qualità per lavoro ed emergenza
