{"id":31285,"date":"2022-08-24T11:04:49","date_gmt":"2022-08-24T09:04:49","guid":{"rendered":"https:\/\/www.stem.it\/?post_type=tribe_events&#038;p=31285"},"modified":"2023-02-28T10:24:10","modified_gmt":"2023-02-28T09:24:10","slug":"rettmobil-2023","status":"publish","type":"tribe_events","link":"https:\/\/www.stem.it\/de\/event\/rettmobil-2023\/","title":{"rendered":"RETTmobil 2023"},"content":{"rendered":"<p>RETTmobil ist die wichtigste europ\u00e4ische Leitmesse f\u00fcr Rettung und Mobilit\u00e4t. In seiner einundzwanzigsten Ausgabe ist es ein einzigartiger Treffpunkt f\u00fcr alle Lebensretter und ein Schaufenster f\u00fcr Exzellenzzentren im Bereich der Sicherheit. Internationalit\u00e4t hat oberste Priorit\u00e4t, wie die 545 Aussteller belegen. Fulda erweist sich erneut als Bezugspunkt f\u00fcr die gesamte Rettungs- und Sicherheitsbranche.<\/p>\n","protected":false},"excerpt":{"rendered":"<p>RETTmobil ist die wichtigste europ\u00e4ische Leitmesse f\u00fcr Rettung und Mobilit\u00e4t. In seiner einundzwanzigsten Ausgabe ist es ein einzigartiger Treffpunkt f\u00fcr alle Lebensretter und ein Schaufenster f\u00fcr Exzellenzzentren im Bereich der [&hellip;]<\/p>\n","protected":false},"author":4,"featured_media":31299,"template":"","meta":{"_tribe_events_status":"","_tribe_events_status_reason":"","footnotes":""},"tags":[],"tribe_events_cat":[],"class_list":["post-31285","tribe_events","type-tribe_events","status-publish","has-post-thumbnail","hentry"],"yoast_head":"<!-- This site is optimized with the Yoast SEO plugin v27.4 - https:\/\/yoast.com\/product\/yoast-seo-wordpress\/ -->\n<title>RETTmobil 2023 - Stem Ems<\/title>\n<meta name=\"robots\" content=\"index, follow, max-snippet:-1, max-image-preview:large, max-video-preview:-1\" \/>\n<link rel=\"canonical\" href=\"https:\/\/www.stem.it\/de\/event\/rettmobil-2023\/\" \/>\n<meta property=\"og:locale\" content=\"de_DE\" \/>\n<meta property=\"og:type\" content=\"article\" \/>\n<meta property=\"og:title\" content=\"RETTmobil 2023 - Stem Ems\" \/>\n<meta property=\"og:description\" content=\"RETTmobil ist die wichtigste europ\u00e4ische Leitmesse f\u00fcr Rettung und Mobilit\u00e4t. In seiner einundzwanzigsten Ausgabe ist es ein einzigartiger Treffpunkt f\u00fcr alle Lebensretter und ein Schaufenster f\u00fcr Exzellenzzentren im Bereich der [&hellip;]\" \/>\n<meta property=\"og:url\" content=\"https:\/\/www.stem.it\/de\/event\/rettmobil-2023\/\" \/>\n<meta property=\"og:site_name\" content=\"Stem Ems\" \/>\n<meta property=\"article:publisher\" content=\"https:\/\/www.facebook.com\/stememsemergencymedicalsystems\/\" \/>\n<meta property=\"article:modified_time\" content=\"2023-02-28T09:24:10+00:00\" \/>\n<meta property=\"og:image\" content=\"https:\/\/www.stem.it\/wp-content\/uploads\/2022\/08\/RETTmobil-2023-845x321-1.jpg\" \/>\n\t<meta property=\"og:image:width\" content=\"845\" \/>\n\t<meta property=\"og:image:height\" content=\"321\" \/>\n\t<meta property=\"og:image:type\" content=\"image\/jpeg\" \/>\n<meta name=\"twitter:card\" content=\"summary_large_image\" \/>\n<meta name=\"twitter:label1\" content=\"Gesch\u00e4tzte Lesezeit\" \/>\n\t<meta name=\"twitter:data1\" content=\"1\u00a0Minute\" \/>\n<script type=\"application\/ld+json\" class=\"yoast-schema-graph\">{\"@context\":\"https:\\\/\\\/schema.org\",\"@graph\":[{\"@type\":\"WebPage\",\"@id\":\"https:\\\/\\\/www.stem.it\\\/de\\\/event\\\/rettmobil-2023\\\/\",\"url\":\"https:\\\/\\\/www.stem.it\\\/de\\\/event\\\/rettmobil-2023\\\/\",\"name\":\"RETTmobil 2023 - Stem Ems\",\"isPartOf\":{\"@id\":\"https:\\\/\\\/www.stem.it\\\/de\\\/#website\"},\"primaryImageOfPage\":{\"@id\":\"https:\\\/\\\/www.stem.it\\\/de\\\/event\\\/rettmobil-2023\\\/#primaryimage\"},\"image\":{\"@id\":\"https:\\\/\\\/www.stem.it\\\/de\\\/event\\\/rettmobil-2023\\\/#primaryimage\"},\"thumbnailUrl\":\"https:\\\/\\\/www.stem.it\\\/wp-content\\\/uploads\\\/2022\\\/08\\\/RETTmobil-2023-845x321-1.jpg\",\"datePublished\":\"2022-08-24T09:04:49+00:00\",\"dateModified\":\"2023-02-28T09:24:10+00:00\",\"breadcrumb\":{\"@id\":\"https:\\\/\\\/www.stem.it\\\/de\\\/event\\\/rettmobil-2023\\\/#breadcrumb\"},\"inLanguage\":\"de\",\"potentialAction\":[{\"@type\":\"ReadAction\",\"target\":[\"https:\\\/\\\/www.stem.it\\\/de\\\/event\\\/rettmobil-2023\\\/\"]}]},{\"@type\":\"ImageObject\",\"inLanguage\":\"de\",\"@id\":\"https:\\\/\\\/www.stem.it\\\/de\\\/event\\\/rettmobil-2023\\\/#primaryimage\",\"url\":\"https:\\\/\\\/www.stem.it\\\/wp-content\\\/uploads\\\/2022\\\/08\\\/RETTmobil-2023-845x321-1.jpg\",\"contentUrl\":\"https:\\\/\\\/www.stem.it\\\/wp-content\\\/uploads\\\/2022\\\/08\\\/RETTmobil-2023-845x321-1.jpg\",\"width\":845,\"height\":321},{\"@type\":\"BreadcrumbList\",\"@id\":\"https:\\\/\\\/www.stem.it\\\/de\\\/event\\\/rettmobil-2023\\\/#breadcrumb\",\"itemListElement\":[{\"@type\":\"ListItem\",\"position\":1,\"name\":\"Home\",\"item\":\"https:\\\/\\\/www.stem.it\\\/de\\\/\"},{\"@type\":\"ListItem\",\"position\":2,\"name\":\"Veranstaltungen\",\"item\":\"https:\\\/\\\/www.stem.it\\\/de\\\/events\\\/\"},{\"@type\":\"ListItem\",\"position\":3,\"name\":\"RETTmobil 2023\"}]},{\"@type\":\"WebSite\",\"@id\":\"https:\\\/\\\/www.stem.it\\\/de\\\/#website\",\"url\":\"https:\\\/\\\/www.stem.it\\\/de\\\/\",\"name\":\"Stem Ems\",\"description\":\"Prodotti di alta qualit\u00e0 per lavoro ed emergenza\",\"potentialAction\":[{\"@type\":\"SearchAction\",\"target\":{\"@type\":\"EntryPoint\",\"urlTemplate\":\"https:\\\/\\\/www.stem.it\\\/de\\\/?s={search_term_string}\"},\"query-input\":{\"@type\":\"PropertyValueSpecification\",\"valueRequired\":true,\"valueName\":\"search_term_string\"}}],\"inLanguage\":\"de\"}]}<\/script>\n<!-- \/ Yoast SEO plugin. -->","yoast_head_json":{"title":"RETTmobil 2023 - Stem Ems","robots":{"index":"index","follow":"follow","max-snippet":"max-snippet:-1","max-image-preview":"max-image-preview:large","max-video-preview":"max-video-preview:-1"},"canonical":"https:\/\/www.stem.it\/de\/event\/rettmobil-2023\/","og_locale":"de_DE","og_type":"article","og_title":"RETTmobil 2023 - Stem Ems","og_description":"RETTmobil ist die wichtigste europ\u00e4ische Leitmesse f\u00fcr Rettung und Mobilit\u00e4t. In seiner einundzwanzigsten Ausgabe ist es ein einzigartiger Treffpunkt f\u00fcr alle Lebensretter und ein Schaufenster f\u00fcr Exzellenzzentren im Bereich der [&hellip;]","og_url":"https:\/\/www.stem.it\/de\/event\/rettmobil-2023\/","og_site_name":"Stem Ems","article_publisher":"https:\/\/www.facebook.com\/stememsemergencymedicalsystems\/","article_modified_time":"2023-02-28T09:24:10+00:00","og_image":[{"width":845,"height":321,"url":"https:\/\/www.stem.it\/wp-content\/uploads\/2022\/08\/RETTmobil-2023-845x321-1.jpg","type":"image\/jpeg"}],"twitter_card":"summary_large_image","twitter_misc":{"Gesch\u00e4tzte Lesezeit":"1\u00a0Minute"},"schema":{"@context":"https:\/\/schema.org","@graph":[{"@type":"WebPage","@id":"https:\/\/www.stem.it\/de\/event\/rettmobil-2023\/","url":"https:\/\/www.stem.it\/de\/event\/rettmobil-2023\/","name":"RETTmobil 2023 - Stem Ems","isPartOf":{"@id":"https:\/\/www.stem.it\/de\/#website"},"primaryImageOfPage":{"@id":"https:\/\/www.stem.it\/de\/event\/rettmobil-2023\/#primaryimage"},"image":{"@id":"https:\/\/www.stem.it\/de\/event\/rettmobil-2023\/#primaryimage"},"thumbnailUrl":"https:\/\/www.stem.it\/wp-content\/uploads\/2022\/08\/RETTmobil-2023-845x321-1.jpg","datePublished":"2022-08-24T09:04:49+00:00","dateModified":"2023-02-28T09:24:10+00:00","breadcrumb":{"@id":"https:\/\/www.stem.it\/de\/event\/rettmobil-2023\/#breadcrumb"},"inLanguage":"de","potentialAction":[{"@type":"ReadAction","target":["https:\/\/www.stem.it\/de\/event\/rettmobil-2023\/"]}]},{"@type":"ImageObject","inLanguage":"de","@id":"https:\/\/www.stem.it\/de\/event\/rettmobil-2023\/#primaryimage","url":"https:\/\/www.stem.it\/wp-content\/uploads\/2022\/08\/RETTmobil-2023-845x321-1.jpg","contentUrl":"https:\/\/www.stem.it\/wp-content\/uploads\/2022\/08\/RETTmobil-2023-845x321-1.jpg","width":845,"height":321},{"@type":"BreadcrumbList","@id":"https:\/\/www.stem.it\/de\/event\/rettmobil-2023\/#breadcrumb","itemListElement":[{"@type":"ListItem","position":1,"name":"Home","item":"https:\/\/www.stem.it\/de\/"},{"@type":"ListItem","position":2,"name":"Veranstaltungen","item":"https:\/\/www.stem.it\/de\/events\/"},{"@type":"ListItem","position":3,"name":"RETTmobil 2023"}]},{"@type":"WebSite","@id":"https:\/\/www.stem.it\/de\/#website","url":"https:\/\/www.stem.it\/de\/","name":"Stem Ems","description":"Prodotti di alta qualit\u00e0 per lavoro ed emergenza","potentialAction":[{"@type":"SearchAction","target":{"@type":"EntryPoint","urlTemplate":"https:\/\/www.stem.it\/de\/?s={search_term_string}"},"query-input":{"@type":"PropertyValueSpecification","valueRequired":true,"valueName":"search_term_string"}}],"inLanguage":"de"}]}},"_links":{"self":[{"href":"https:\/\/www.stem.it\/de\/wp-json\/wp\/v2\/tribe_events\/31285","targetHints":{"allow":["GET"]}}],"collection":[{"href":"https:\/\/www.stem.it\/de\/wp-json\/wp\/v2\/tribe_events"}],"about":[{"href":"https:\/\/www.stem.it\/de\/wp-json\/wp\/v2\/types\/tribe_events"}],"author":[{"embeddable":true,"href":"https:\/\/www.stem.it\/de\/wp-json\/wp\/v2\/users\/4"}],"version-history":[{"count":3,"href":"https:\/\/www.stem.it\/de\/wp-json\/wp\/v2\/tribe_events\/31285\/revisions"}],"predecessor-version":[{"id":39049,"href":"https:\/\/www.stem.it\/de\/wp-json\/wp\/v2\/tribe_events\/31285\/revisions\/39049"}],"wp:featuredmedia":[{"embeddable":true,"href":"https:\/\/www.stem.it\/de\/wp-json\/wp\/v2\/media\/31299"}],"wp:attachment":[{"href":"https:\/\/www.stem.it\/de\/wp-json\/wp\/v2\/media?parent=31285"}],"wp:term":[{"taxonomy":"post_tag","embeddable":true,"href":"https:\/\/www.stem.it\/de\/wp-json\/wp\/v2\/tags?post=31285"},{"taxonomy":"tribe_events_cat","embeddable":true,"href":"https:\/\/www.stem.it\/de\/wp-json\/wp\/v2\/tribe_events_cat?post=31285"}],"curies":[{"name":"wp","href":"https:\/\/api.w.org\/{rel}","templated":true}]}}

<p>RETTmobil ist die wichtigste europäische Leitmesse für Rettung und Mobilität. In seiner einundzwanzigsten Ausgabe ist es ein einzigartiger Treffpunkt für alle Lebensretter und ein Schaufenster für Exzellenzzentren im Bereich der Sicherheit. Internationalität hat oberste Priorität, wie die 545 Aussteller belegen. Fulda erweist sich erneut als Bezugspunkt für die gesamte Rettungs- und Sicherheitsbranche.</p>

<p>RETTmobil ist die wichtigste europäische Leitmesse für Rettung und Mobilität. In seiner einundzwanzigsten Ausgabe ist es ein einzigartiger Treffpunkt für alle Lebensretter und ein Schaufenster für Exzellenzzentren im Bereich der [&hellip;]</p>

<!-- This site is optimized with the Yoast SEO plugin v27.4 - https://yoast.com/product/yoast-seo-wordpress/ -->
<title>RETTmobil 2023 - Stem Ems</title>
<meta name="robots" content="index, follow, max-snippet:-1, max-image-preview:large, max-video-preview:-1" />
<link rel="canonical" href="https://www.stem.it/de/event/rettmobil-2023/" />
<meta property="og:locale" content="de_DE" />
<meta property="og:type" content="article" />
<meta property="og:title" content="RETTmobil 2023 - Stem Ems" />
<meta property="og:description" content="RETTmobil ist die wichtigste europäische Leitmesse für Rettung und Mobilität. In seiner einundzwanzigsten Ausgabe ist es ein einzigartiger Treffpunkt für alle Lebensretter und ein Schaufenster für Exzellenzzentren im Bereich der [&hellip;]" />
<meta property="og:url" content="https://www.stem.it/de/event/rettmobil-2023/" />
<meta property="og:site_name" content="Stem Ems" />
<meta property="article:publisher" content="https://www.facebook.com/stememsemergencymedicalsystems/" />
<meta property="article:modified_time" content="2023-02-28T09:24:10+00:00" />
<meta property="og:image" content="https://www.stem.it/wp-content/uploads/2022/08/RETTmobil-2023-845x321-1.jpg" />
	<meta property="og:image:width" content="845" />
	<meta property="og:image:height" content="321" />
	<meta property="og:image:type" content="image/jpeg" />
<meta name="twitter:card" content="summary_large_image" />
<meta name="twitter:label1" content="Geschätzte Lesezeit" />
	<meta name="twitter:data1" content="1 Minute" />
<script type="application/ld+json" class="yoast-schema-graph">{"@context":"https:\/\/schema.org","@graph":[{"@type":"WebPage","@id":"https:\/\/www.stem.it\/de\/event\/rettmobil-2023\/","url":"https:\/\/www.stem.it\/de\/event\/rettmobil-2023\/","name":"RETTmobil 2023 - Stem Ems","isPartOf":{"@id":"https:\/\/www.stem.it\/de\/#website"},"primaryImageOfPage":{"@id":"https:\/\/www.stem.it\/de\/event\/rettmobil-2023\/#primaryimage"},"image":{"@id":"https:\/\/www.stem.it\/de\/event\/rettmobil-2023\/#primaryimage"},"thumbnailUrl":"https:\/\/www.stem.it\/wp-content\/uploads\/2022\/08\/RETTmobil-2023-845x321-1.jpg","datePublished":"2022-08-24T09:04:49+00:00","dateModified":"2023-02-28T09:24:10+00:00","breadcrumb":{"@id":"https:\/\/www.stem.it\/de\/event\/rettmobil-2023\/#breadcrumb"},"inLanguage":"de","potentialAction":[{"@type":"ReadAction","target":["https:\/\/www.stem.it\/de\/event\/rettmobil-2023\/"]}]},{"@type":"ImageObject","inLanguage":"de","@id":"https:\/\/www.stem.it\/de\/event\/rettmobil-2023\/#primaryimage","url":"https:\/\/www.stem.it\/wp-content\/uploads\/2022\/08\/RETTmobil-2023-845x321-1.jpg","contentUrl":"https:\/\/www.stem.it\/wp-content\/uploads\/2022\/08\/RETTmobil-2023-845x321-1.jpg","width":845,"height":321},{"@type":"BreadcrumbList","@id":"https:\/\/www.stem.it\/de\/event\/rettmobil-2023\/#breadcrumb","itemListElement":[{"@type":"ListItem","position":1,"name":"Home","item":"https:\/\/www.stem.it\/de\/"},{"@type":"ListItem","position":2,"name":"Veranstaltungen","item":"https:\/\/www.stem.it\/de\/events\/"},{"@type":"ListItem","position":3,"name":"RETTmobil 2023"}]},{"@type":"WebSite","@id":"https:\/\/www.stem.it\/de\/#website","url":"https:\/\/www.stem.it\/de\/","name":"Stem Ems","description":"Prodotti di alta qualità per lavoro ed emergenza","potentialAction":[{"@type":"SearchAction","target":{"@type":"EntryPoint","urlTemplate":"https:\/\/www.stem.it\/de\/?s={search_term_string}"},"query-input":{"@type":"PropertyValueSpecification","valueRequired":true,"valueName":"search_term_string"}}],"inLanguage":"de"}]}</script>
<!-- / Yoast SEO plugin. -->

RETTmobil ist die wichtigste europäische Leitmesse für Rettung und Mobilität. In seiner einundzwanzigsten Ausgabe ist es ein einzigartiger Treffpunkt für alle Lebensretter und ein Schaufenster für Exzellenzzentren im Bereich der [&hellip;]

Prodotti di alta qualità per lavoro ed emergenza
