{"id":10644,"date":"2020-08-28T12:44:13","date_gmt":"2020-08-28T10:44:13","guid":{"rendered":"https:\/\/www.stem.it\/?post_type=tribe_events&#038;p=10644"},"modified":"2021-02-09T09:02:10","modified_gmt":"2021-02-09T08:02:10","slug":"rettmobil-2021","status":"publish","type":"tribe_events","link":"https:\/\/www.stem.it\/de\/event\/rettmobil-2021\/","title":{"rendered":"RETTmobil 2022"},"content":{"rendered":"<p>RETTmobil ist die wichtigste europ\u00e4ische Leitmesse f\u00fcr Rettung und Mobilit\u00e4t. In seiner zwanzigsten Ausgabe ist es ein einzigartiger Treffpunkt f\u00fcr alle Lebensretter und ein Schaufenster f\u00fcr Exzellenzzentren im Bereich der Sicherheit. Internationalit\u00e4t hat oberste Priorit\u00e4t, wie die 545 Aussteller belegen. Fulda erweist sich erneut als Bezugspunkt f\u00fcr die gesamte Rettungs- und Sicherheitsbranche.<\/p>\n","protected":false},"excerpt":{"rendered":"<p>RETTmobil ist die wichtigste europ\u00e4ische Leitmesse f\u00fcr Rettung und Mobilit\u00e4t. In seiner zwanzigsten Ausgabe ist es ein einzigartiger Treffpunkt f\u00fcr alle Lebensretter und ein Schaufenster f\u00fcr Exzellenzzentren im Bereich der [&hellip;]<\/p>\n","protected":false},"author":4,"featured_media":13035,"template":"","meta":{"_tribe_events_status":"","_tribe_events_status_reason":"","footnotes":""},"tags":[],"tribe_events_cat":[],"class_list":["post-10644","tribe_events","type-tribe_events","status-publish","has-post-thumbnail","hentry"],"yoast_head":"<!-- This site is optimized with the Yoast SEO plugin v27.4 - https:\/\/yoast.com\/product\/yoast-seo-wordpress\/ -->\n<title>RETTmobil 2022 - Stem Ems<\/title>\n<meta name=\"robots\" content=\"index, follow, max-snippet:-1, max-image-preview:large, max-video-preview:-1\" \/>\n<link rel=\"canonical\" href=\"https:\/\/www.stem.it\/de\/event\/rettmobil-2021\/\" \/>\n<meta property=\"og:locale\" content=\"de_DE\" \/>\n<meta property=\"og:type\" content=\"article\" \/>\n<meta property=\"og:title\" content=\"RETTmobil 2022 - Stem Ems\" \/>\n<meta property=\"og:description\" content=\"RETTmobil ist die wichtigste europ\u00e4ische Leitmesse f\u00fcr Rettung und Mobilit\u00e4t. In seiner zwanzigsten Ausgabe ist es ein einzigartiger Treffpunkt f\u00fcr alle Lebensretter und ein Schaufenster f\u00fcr Exzellenzzentren im Bereich der [&hellip;]\" \/>\n<meta property=\"og:url\" content=\"https:\/\/www.stem.it\/de\/event\/rettmobil-2021\/\" \/>\n<meta property=\"og:site_name\" content=\"Stem Ems\" \/>\n<meta property=\"article:publisher\" content=\"https:\/\/www.facebook.com\/stememsemergencymedicalsystems\/\" \/>\n<meta property=\"article:modified_time\" content=\"2021-02-09T08:02:10+00:00\" \/>\n<meta property=\"og:image\" content=\"https:\/\/www.stem.it\/wp-content\/uploads\/2020\/08\/RETTmobil-2022-845x321-1.jpg\" \/>\n\t<meta property=\"og:image:width\" content=\"845\" \/>\n\t<meta property=\"og:image:height\" content=\"321\" \/>\n\t<meta property=\"og:image:type\" content=\"image\/jpeg\" \/>\n<meta name=\"twitter:card\" content=\"summary_large_image\" \/>\n<script type=\"application\/ld+json\" class=\"yoast-schema-graph\">{\"@context\":\"https:\\\/\\\/schema.org\",\"@graph\":[{\"@type\":\"WebPage\",\"@id\":\"https:\\\/\\\/www.stem.it\\\/de\\\/event\\\/rettmobil-2021\\\/\",\"url\":\"https:\\\/\\\/www.stem.it\\\/de\\\/event\\\/rettmobil-2021\\\/\",\"name\":\"RETTmobil 2022 - Stem Ems\",\"isPartOf\":{\"@id\":\"https:\\\/\\\/www.stem.it\\\/de\\\/#website\"},\"primaryImageOfPage\":{\"@id\":\"https:\\\/\\\/www.stem.it\\\/de\\\/event\\\/rettmobil-2021\\\/#primaryimage\"},\"image\":{\"@id\":\"https:\\\/\\\/www.stem.it\\\/de\\\/event\\\/rettmobil-2021\\\/#primaryimage\"},\"thumbnailUrl\":\"https:\\\/\\\/www.stem.it\\\/wp-content\\\/uploads\\\/2020\\\/08\\\/RETTmobil-2022-845x321-1.jpg\",\"datePublished\":\"2020-08-28T10:44:13+00:00\",\"dateModified\":\"2021-02-09T08:02:10+00:00\",\"breadcrumb\":{\"@id\":\"https:\\\/\\\/www.stem.it\\\/de\\\/event\\\/rettmobil-2021\\\/#breadcrumb\"},\"inLanguage\":\"de\",\"potentialAction\":[{\"@type\":\"ReadAction\",\"target\":[\"https:\\\/\\\/www.stem.it\\\/de\\\/event\\\/rettmobil-2021\\\/\"]}]},{\"@type\":\"ImageObject\",\"inLanguage\":\"de\",\"@id\":\"https:\\\/\\\/www.stem.it\\\/de\\\/event\\\/rettmobil-2021\\\/#primaryimage\",\"url\":\"https:\\\/\\\/www.stem.it\\\/wp-content\\\/uploads\\\/2020\\\/08\\\/RETTmobil-2022-845x321-1.jpg\",\"contentUrl\":\"https:\\\/\\\/www.stem.it\\\/wp-content\\\/uploads\\\/2020\\\/08\\\/RETTmobil-2022-845x321-1.jpg\",\"width\":845,\"height\":321},{\"@type\":\"BreadcrumbList\",\"@id\":\"https:\\\/\\\/www.stem.it\\\/de\\\/event\\\/rettmobil-2021\\\/#breadcrumb\",\"itemListElement\":[{\"@type\":\"ListItem\",\"position\":1,\"name\":\"Home\",\"item\":\"https:\\\/\\\/www.stem.it\\\/de\\\/\"},{\"@type\":\"ListItem\",\"position\":2,\"name\":\"Veranstaltungen\",\"item\":\"https:\\\/\\\/www.stem.it\\\/de\\\/events\\\/\"},{\"@type\":\"ListItem\",\"position\":3,\"name\":\"RETTmobil 2022\"}]},{\"@type\":\"WebSite\",\"@id\":\"https:\\\/\\\/www.stem.it\\\/de\\\/#website\",\"url\":\"https:\\\/\\\/www.stem.it\\\/de\\\/\",\"name\":\"Stem Ems\",\"description\":\"Prodotti di alta qualit\u00e0 per lavoro ed emergenza\",\"potentialAction\":[{\"@type\":\"SearchAction\",\"target\":{\"@type\":\"EntryPoint\",\"urlTemplate\":\"https:\\\/\\\/www.stem.it\\\/de\\\/?s={search_term_string}\"},\"query-input\":{\"@type\":\"PropertyValueSpecification\",\"valueRequired\":true,\"valueName\":\"search_term_string\"}}],\"inLanguage\":\"de\"}]}<\/script>\n<!-- \/ Yoast SEO plugin. -->","yoast_head_json":{"title":"RETTmobil 2022 - Stem Ems","robots":{"index":"index","follow":"follow","max-snippet":"max-snippet:-1","max-image-preview":"max-image-preview:large","max-video-preview":"max-video-preview:-1"},"canonical":"https:\/\/www.stem.it\/de\/event\/rettmobil-2021\/","og_locale":"de_DE","og_type":"article","og_title":"RETTmobil 2022 - Stem Ems","og_description":"RETTmobil ist die wichtigste europ\u00e4ische Leitmesse f\u00fcr Rettung und Mobilit\u00e4t. In seiner zwanzigsten Ausgabe ist es ein einzigartiger Treffpunkt f\u00fcr alle Lebensretter und ein Schaufenster f\u00fcr Exzellenzzentren im Bereich der [&hellip;]","og_url":"https:\/\/www.stem.it\/de\/event\/rettmobil-2021\/","og_site_name":"Stem Ems","article_publisher":"https:\/\/www.facebook.com\/stememsemergencymedicalsystems\/","article_modified_time":"2021-02-09T08:02:10+00:00","og_image":[{"width":845,"height":321,"url":"https:\/\/www.stem.it\/wp-content\/uploads\/2020\/08\/RETTmobil-2022-845x321-1.jpg","type":"image\/jpeg"}],"twitter_card":"summary_large_image","schema":{"@context":"https:\/\/schema.org","@graph":[{"@type":"WebPage","@id":"https:\/\/www.stem.it\/de\/event\/rettmobil-2021\/","url":"https:\/\/www.stem.it\/de\/event\/rettmobil-2021\/","name":"RETTmobil 2022 - Stem Ems","isPartOf":{"@id":"https:\/\/www.stem.it\/de\/#website"},"primaryImageOfPage":{"@id":"https:\/\/www.stem.it\/de\/event\/rettmobil-2021\/#primaryimage"},"image":{"@id":"https:\/\/www.stem.it\/de\/event\/rettmobil-2021\/#primaryimage"},"thumbnailUrl":"https:\/\/www.stem.it\/wp-content\/uploads\/2020\/08\/RETTmobil-2022-845x321-1.jpg","datePublished":"2020-08-28T10:44:13+00:00","dateModified":"2021-02-09T08:02:10+00:00","breadcrumb":{"@id":"https:\/\/www.stem.it\/de\/event\/rettmobil-2021\/#breadcrumb"},"inLanguage":"de","potentialAction":[{"@type":"ReadAction","target":["https:\/\/www.stem.it\/de\/event\/rettmobil-2021\/"]}]},{"@type":"ImageObject","inLanguage":"de","@id":"https:\/\/www.stem.it\/de\/event\/rettmobil-2021\/#primaryimage","url":"https:\/\/www.stem.it\/wp-content\/uploads\/2020\/08\/RETTmobil-2022-845x321-1.jpg","contentUrl":"https:\/\/www.stem.it\/wp-content\/uploads\/2020\/08\/RETTmobil-2022-845x321-1.jpg","width":845,"height":321},{"@type":"BreadcrumbList","@id":"https:\/\/www.stem.it\/de\/event\/rettmobil-2021\/#breadcrumb","itemListElement":[{"@type":"ListItem","position":1,"name":"Home","item":"https:\/\/www.stem.it\/de\/"},{"@type":"ListItem","position":2,"name":"Veranstaltungen","item":"https:\/\/www.stem.it\/de\/events\/"},{"@type":"ListItem","position":3,"name":"RETTmobil 2022"}]},{"@type":"WebSite","@id":"https:\/\/www.stem.it\/de\/#website","url":"https:\/\/www.stem.it\/de\/","name":"Stem Ems","description":"Prodotti di alta qualit\u00e0 per lavoro ed emergenza","potentialAction":[{"@type":"SearchAction","target":{"@type":"EntryPoint","urlTemplate":"https:\/\/www.stem.it\/de\/?s={search_term_string}"},"query-input":{"@type":"PropertyValueSpecification","valueRequired":true,"valueName":"search_term_string"}}],"inLanguage":"de"}]}},"_links":{"self":[{"href":"https:\/\/www.stem.it\/de\/wp-json\/wp\/v2\/tribe_events\/10644","targetHints":{"allow":["GET"]}}],"collection":[{"href":"https:\/\/www.stem.it\/de\/wp-json\/wp\/v2\/tribe_events"}],"about":[{"href":"https:\/\/www.stem.it\/de\/wp-json\/wp\/v2\/types\/tribe_events"}],"author":[{"embeddable":true,"href":"https:\/\/www.stem.it\/de\/wp-json\/wp\/v2\/users\/4"}],"version-history":[{"count":2,"href":"https:\/\/www.stem.it\/de\/wp-json\/wp\/v2\/tribe_events\/10644\/revisions"}],"predecessor-version":[{"id":13044,"href":"https:\/\/www.stem.it\/de\/wp-json\/wp\/v2\/tribe_events\/10644\/revisions\/13044"}],"wp:featuredmedia":[{"embeddable":true,"href":"https:\/\/www.stem.it\/de\/wp-json\/wp\/v2\/media\/13035"}],"wp:attachment":[{"href":"https:\/\/www.stem.it\/de\/wp-json\/wp\/v2\/media?parent=10644"}],"wp:term":[{"taxonomy":"post_tag","embeddable":true,"href":"https:\/\/www.stem.it\/de\/wp-json\/wp\/v2\/tags?post=10644"},{"taxonomy":"tribe_events_cat","embeddable":true,"href":"https:\/\/www.stem.it\/de\/wp-json\/wp\/v2\/tribe_events_cat?post=10644"}],"curies":[{"name":"wp","href":"https:\/\/api.w.org\/{rel}","templated":true}]}}

<p>RETTmobil ist die wichtigste europäische Leitmesse für Rettung und Mobilität. In seiner zwanzigsten Ausgabe ist es ein einzigartiger Treffpunkt für alle Lebensretter und ein Schaufenster für Exzellenzzentren im Bereich der Sicherheit. Internationalität hat oberste Priorität, wie die 545 Aussteller belegen. Fulda erweist sich erneut als Bezugspunkt für die gesamte Rettungs- und Sicherheitsbranche.</p>

<p>RETTmobil ist die wichtigste europäische Leitmesse für Rettung und Mobilität. In seiner zwanzigsten Ausgabe ist es ein einzigartiger Treffpunkt für alle Lebensretter und ein Schaufenster für Exzellenzzentren im Bereich der [&hellip;]</p>

<!-- This site is optimized with the Yoast SEO plugin v27.4 - https://yoast.com/product/yoast-seo-wordpress/ -->
<title>RETTmobil 2022 - Stem Ems</title>
<meta name="robots" content="index, follow, max-snippet:-1, max-image-preview:large, max-video-preview:-1" />
<link rel="canonical" href="https://www.stem.it/de/event/rettmobil-2021/" />
<meta property="og:locale" content="de_DE" />
<meta property="og:type" content="article" />
<meta property="og:title" content="RETTmobil 2022 - Stem Ems" />
<meta property="og:description" content="RETTmobil ist die wichtigste europäische Leitmesse für Rettung und Mobilität. In seiner zwanzigsten Ausgabe ist es ein einzigartiger Treffpunkt für alle Lebensretter und ein Schaufenster für Exzellenzzentren im Bereich der [&hellip;]" />
<meta property="og:url" content="https://www.stem.it/de/event/rettmobil-2021/" />
<meta property="og:site_name" content="Stem Ems" />
<meta property="article:publisher" content="https://www.facebook.com/stememsemergencymedicalsystems/" />
<meta property="article:modified_time" content="2021-02-09T08:02:10+00:00" />
<meta property="og:image" content="https://www.stem.it/wp-content/uploads/2020/08/RETTmobil-2022-845x321-1.jpg" />
	<meta property="og:image:width" content="845" />
	<meta property="og:image:height" content="321" />
	<meta property="og:image:type" content="image/jpeg" />
<meta name="twitter:card" content="summary_large_image" />
<script type="application/ld+json" class="yoast-schema-graph">{"@context":"https:\/\/schema.org","@graph":[{"@type":"WebPage","@id":"https:\/\/www.stem.it\/de\/event\/rettmobil-2021\/","url":"https:\/\/www.stem.it\/de\/event\/rettmobil-2021\/","name":"RETTmobil 2022 - Stem Ems","isPartOf":{"@id":"https:\/\/www.stem.it\/de\/#website"},"primaryImageOfPage":{"@id":"https:\/\/www.stem.it\/de\/event\/rettmobil-2021\/#primaryimage"},"image":{"@id":"https:\/\/www.stem.it\/de\/event\/rettmobil-2021\/#primaryimage"},"thumbnailUrl":"https:\/\/www.stem.it\/wp-content\/uploads\/2020\/08\/RETTmobil-2022-845x321-1.jpg","datePublished":"2020-08-28T10:44:13+00:00","dateModified":"2021-02-09T08:02:10+00:00","breadcrumb":{"@id":"https:\/\/www.stem.it\/de\/event\/rettmobil-2021\/#breadcrumb"},"inLanguage":"de","potentialAction":[{"@type":"ReadAction","target":["https:\/\/www.stem.it\/de\/event\/rettmobil-2021\/"]}]},{"@type":"ImageObject","inLanguage":"de","@id":"https:\/\/www.stem.it\/de\/event\/rettmobil-2021\/#primaryimage","url":"https:\/\/www.stem.it\/wp-content\/uploads\/2020\/08\/RETTmobil-2022-845x321-1.jpg","contentUrl":"https:\/\/www.stem.it\/wp-content\/uploads\/2020\/08\/RETTmobil-2022-845x321-1.jpg","width":845,"height":321},{"@type":"BreadcrumbList","@id":"https:\/\/www.stem.it\/de\/event\/rettmobil-2021\/#breadcrumb","itemListElement":[{"@type":"ListItem","position":1,"name":"Home","item":"https:\/\/www.stem.it\/de\/"},{"@type":"ListItem","position":2,"name":"Veranstaltungen","item":"https:\/\/www.stem.it\/de\/events\/"},{"@type":"ListItem","position":3,"name":"RETTmobil 2022"}]},{"@type":"WebSite","@id":"https:\/\/www.stem.it\/de\/#website","url":"https:\/\/www.stem.it\/de\/","name":"Stem Ems","description":"Prodotti di alta qualità per lavoro ed emergenza","potentialAction":[{"@type":"SearchAction","target":{"@type":"EntryPoint","urlTemplate":"https:\/\/www.stem.it\/de\/?s={search_term_string}"},"query-input":{"@type":"PropertyValueSpecification","valueRequired":true,"valueName":"search_term_string"}}],"inLanguage":"de"}]}</script>
<!-- / Yoast SEO plugin. -->

RETTmobil ist die wichtigste europäische Leitmesse für Rettung und Mobilität. In seiner zwanzigsten Ausgabe ist es ein einzigartiger Treffpunkt für alle Lebensretter und ein Schaufenster für Exzellenzzentren im Bereich der [&hellip;]

Prodotti di alta qualità per lavoro ed emergenza
